{"id":2,"date":"2021-05-29T13:56:27","date_gmt":"2021-05-29T11:56:27","guid":{"rendered":"http:\/\/gibaltar.cat\/?page_id=2"},"modified":"2021-08-31T15:01:45","modified_gmt":"2021-08-31T13:01:45","slug":"qui-soc","status":"publish","type":"page","link":"https:\/\/gibaltar.cat\/index.php\/qui-soc\/","title":{"rendered":"Qui soc"},"content":{"rendered":"\n<p>El portal Gibaltar.cat, activat l\u2019estiu del 2021, vol ser un repositori de tota la recerca sobre els vincles entre els Pa\u00efsos Catalans i Gibraltar que com a periodista, ling\u00fcista i investigador jo mateix, Mart\u00ed Crespo (Barcelona, 1972), he dut a terme aquestes \u00faltimes d\u00e8cades. La intenci\u00f3 principal \u00e9s destacar la gens negligible aportaci\u00f3 de catalans, illencs i valencians a la hist\u00f2ria de Gibraltar i, especialment, a la formaci\u00f3 de la identitat yanita actual.<\/p>\n\n\n\n<p>Des de l\u2019any 2000, aproximadament, vaig comen\u00e7ar a investigar tota mena d\u2019aspectes hist\u00f2rics, culturals, socials i pol\u00edtics fruit de la relaci\u00f3 entre aquests dos territoris de la pen\u00ednsula Ib\u00e8rica, alguns dels quals s\u2019han convertit en articles, reportatges i comunicacions en congressos. D\u2019aquesta investigaci\u00f3, tamb\u00e9 en va sortir el\u00a0llibre\u00a0<em><a href=\"https:\/\/www.pamsa.cat\/els-minorkeens-de-gibraltar-9788498839999\/\" data-type=\"URL\" data-id=\"https:\/\/www.pamsa.cat\/els-minorkeens-de-gibraltar-9788498839999\/\" target=\"_blank\" rel=\"noreferrer noopener\">Els \u2018minorkeens\u2019 de Gibraltar<\/a><\/em> (PAMSA, 2018), centrat espec\u00edficament en la comunitat menorquina establerta des del segle XVIII a Gibraltar.<\/p>\n\n\n\n<p>A la web, doncs, trobareu tots aquests articles (publicats majorit\u00e0riament en catal\u00e0) i molts altres d\u2019originals (sense publicar). Tamb\u00e9 hi he afegit algunes transcripcions de documents que considero de gran transcend\u00e8ncia i que, fins ara, no es podien trobar en versi\u00f3 digital. Com per exemple <a href=\"http:\/\/gibaltar.cat\/index.php\/in-english\/#:~:text=extremely%20important%20and%20very%20interesting%20diary\" data-type=\"URL\" data-id=\"http:\/\/gibaltar.cat\/index.php\/in-english\/#:~:text=extremely%20important%20and%20very%20interesting%20diary\">l\u2019important\u00edssim i interessant\u00edssim diari<\/a> de l\u2019ocupaci\u00f3 aliada de Gibraltar del 1704 i del posterior setge hispanofranc\u00e8s del 1705 que va escriure, des de l\u2019exili, l\u2019austriacista Francesc de Casamitjana.<\/p>\n\n\n\n<p>Gibaltar.cat \u00e9s un portal en actualitzaci\u00f3 i, per tant, s\u2019hi aniran afegint peri\u00f2dicament articles i documents. Per a consultes, informacions o esmenes, em podeu contactar a l\u2019adre\u00e7a <strong>gibralcat [a]&nbsp;gmail.com<\/strong>.<\/p>\n\n\n\n<p><strong>Some information in English, <a href=\"http:\/\/gibaltar.cat\/index.php\/in-english\/\" data-type=\"URL\" data-id=\"http:\/\/gibaltar.cat\/index.php\/in-english\/\">here.<\/a><\/strong><\/p>\n","protected":false},"excerpt":{"rendered":"<p>El portal Gibaltar.cat, activat l\u2019estiu del 2021, vol ser un repositori de tota la recerca sobre els vincles entre els Pa\u00efsos Catalans i Gibraltar que com a periodista, ling\u00fcista i investigador jo mateix, Mart\u00ed Crespo (Barcelona, 1972), he dut a terme aquestes \u00faltimes d\u00e8cades. La intenci\u00f3 principal \u00e9s destacar la gens negligible aportaci\u00f3 de catalans, [&hellip;]<\/p>\n","protected":false},"author":1,"featured_media":0,"parent":0,"menu_order":2,"comment_status":"closed","ping_status":"closed","template":"","meta":[],"_links":{"self":[{"href":"https:\/\/gibaltar.cat\/index.php\/wp-json\/wp\/v2\/pages\/2"}],"collection":[{"href":"https:\/\/gibaltar.cat\/index.php\/wp-json\/wp\/v2\/pages"}],"about":[{"href":"https:\/\/gibaltar.cat\/index.php\/wp-json\/wp\/v2\/types\/page"}],"author":[{"embeddable":true,"href":"https:\/\/gibaltar.cat\/index.php\/wp-json\/wp\/v2\/users\/1"}],"replies":[{"embeddable":true,"href":"https:\/\/gibaltar.cat\/index.php\/wp-json\/wp\/v2\/comments?post=2"}],"version-history":[{"count":10,"href":"https:\/\/gibaltar.cat\/index.php\/wp-json\/wp\/v2\/pages\/2\/revisions"}],"predecessor-version":[{"id":901,"href":"https:\/\/gibaltar.cat\/index.php\/wp-json\/wp\/v2\/pages\/2\/revisions\/901"}],"wp:attachment":[{"href":"https:\/\/gibaltar.cat\/index.php\/wp-json\/wp\/v2\/media?parent=2"}],"curies":[{"name":"wp","href":"https:\/\/api.w.org\/{rel}","templated":true}]}}