{"id":407,"date":"2021-06-23T16:42:26","date_gmt":"2021-06-23T14:42:26","guid":{"rendered":"http:\/\/gibaltar.cat\/?page_id=407"},"modified":"2022-08-20T08:50:59","modified_gmt":"2022-08-20T06:50:59","slug":"capitol-1","status":"publish","type":"page","link":"https:\/\/gibaltar.cat\/index.php\/documents\/diari-de-francesc-de-casamitjana\/capitol-1\/","title":{"rendered":"Cap\u00edtol 1"},"content":{"rendered":"\n<p><strong>Cap\u00edtulo primo<\/strong><\/p>\n\n\n\n<p>Sensible y llorada muerte del rey cath\u00f3lico Carlos Segundo, que introduzi\u00e9ndose por ella injustamente el seren\u00edssimo de Anjou a su trono alarma la Europa.<\/p>\n\n\n\n<p>Declara el c\u00e9sar Leopoldo guerra contra la Francia, y la sigue vitorioso. Col\u00edgansele subsiguientemente Inglaterra, Olanda, Portugal y Saboya aclam\u00e1ndole por leg\u00edtimo rey de aquella monarqu\u00eda.<\/p>\n\n\n\n<p>Renuncia el c\u00e9sar aquel diadema a favor de su hijo Joseph rey de Romanos cedi\u00e9ndole este al archiduque Carlos su hermano.<\/p>\n\n\n\n<p>Jornada del nuevo rey Carlos para Espa\u00f1a.<\/p>\n\n\n\n<p>Recivimiento y entrada que le hizieron en Praga. Pros\u00edguela por tierra hasta el Rin y embarc\u00e1ndose en aquel r\u00edo llega felizmente al Aya. Contin\u00faala por mar con la flota. Aporta en Portmohurth donde haze alguna mansi\u00f3n. Emb\u00e1rcase para Lisboa, y retrozede motivado de una cruel tempestad.<\/p>\n\n\n\n<p>Cerena el tiempo: sopla favorable el viento, buelve a tomar la derrota la flota a toda vela. Llega su magestad pr\u00f3speramente a la barra de Lisboa. Recivimiento, entrada, cumplimientos y demonstraciones cari\u00f1osas que exerzit\u00f3 a su persona el rey don Pedro, con otros susessos.<\/p>\n\n\n\n<div style=\"height:100px\" aria-hidden=\"true\" class=\"wp-block-spacer\"><\/div>\n\n\n\n<p><strong>Primo<\/strong><\/p>\n\n\n\n<p><em>Sensible y llorada muerte del rey cath\u00f3lico Carlos 2\u00ba<\/em><\/p>\n\n\n\n<p>Monstrose tan cruel la Parca en primero de noviembre 1700 que cortando imp\u00eda incompaziva el hilo su azero perfilado del pr\u00edncipe piadoso CARLOS Segundo rey de las Espa\u00f1as, motiv\u00f3 tan funesta casualidad al mayor, pronto y efectivo armamento de la Europa, pues mirando su sugezi\u00f3n y ruina en el diab\u00f3lico artificio tramado, que viol\u00f3 los derechos incontrovertibles que tiene a su favor la august\u00edssima Casa de Austria en la susessi\u00f3n de aquella monarqu\u00eda, introduciendo en ella al seren\u00edssimo de Anjou segundo g\u00e9nito del Delf\u00edn de Francia, fu\u00e9 un nuevo incentivo para que penetrando sus pr\u00edncipes y soberanos las m\u00e1ximas de la misma, aprestasen los mayores resfuerzos para oponerse a su da\u00f1ada ambici\u00f3n.<\/p>\n\n\n\n<p>El c\u00e9sar Leopoldo, ofendido y a impulsos de la justicia de su causa, levantando los ojos al soberano Dios para el acierto de sus operaciones en lanze tan apretado, declar\u00f3 la guerra contra ella, y nazi\u00e9ndole una palma en cada passo que dieron sus gloriosas armas, logrando el campo de batalla con el venzimiento de tanto esquadr\u00f3n contrario, teniendo por suyo el mismo que aquel ocupava, se le coligaron las potencias de Inglaterra, Olanda, Portugal y Saboya aclam\u00e1ndole y reconozi\u00e9ndole por leg\u00edtimo susessor de la Espa\u00f1a, acto solemne que se exerzit\u00f3 en la Favorita con la mayor pompa y gala a 12 de setiembre 1703 assistiendo toda la august\u00edssima casa, muchos pr\u00edncipes del imperio, embaxadores de aquellas y toda la nobleza que resid\u00eda en Viena. Su magestad ces\u00e1rea en manifestaci\u00f3n del amor que le merec\u00eda su hijo Joseph rey de Romanos, le renunci\u00f3 aquel diadema espa\u00f1ol y cedi\u00e9ndole este subsiguientemente a su chrar\u00edssimo hermano archiduque Carlos, pudo lograr la referida monarqu\u00eda contar por suyos tres reyes deste nombre leg\u00edtimos sucessores de ella.<\/p>\n\n\n\n<div style=\"height:100px\" aria-hidden=\"true\" class=\"wp-block-spacer\"><\/div>\n\n\n\n<p><strong>Segundo<\/strong><\/p>\n\n\n\n<p><em>Jornada del nuevo rey Carlos 3\u00ba para Espa\u00f1a. Recivimiento y entrada p\u00fablica que le hizieron en Praga. Pros\u00edguela por tierra hasta el Rin, y embarc\u00e1ndose en aquel r\u00edo llega felizmente al Aya.<\/em><\/p>\n\n\n\n<p>Establezi\u00e9ronse las providencias y disposiciones que se tuvieron por m\u00e1s convenientes a efecto de poder el nuevo rey Carlos efectuar su jornada con la mayor anticipaci\u00f3n al Reyno de Portugal para tomar posessi\u00f3n del suyo, que injustamente le ocupava el de Anjou, con las fuerzas y armamentos que le suministravan sus aliados.<\/p>\n\n\n\n<p>Prefixado el d\u00eda de la real partenza, que se public\u00f3 en la corte para el 19, la execut\u00f3 el rey nuestro se\u00f1or a las 3 de la tarde poco m\u00e1s tomando la carrera azia la ciudad de Praga, capital del Reyno de Bohemia, con la ostentaci\u00f3n y grandeza correspondiente a su real persona.<\/p>\n\n\n\n<p>Formavan su real comitiva el pr\u00edncipe Antonio de Liecktenstein mayordomo mayor, el conde de Ulefeld general y capit\u00e1n de la Real Guardia de Corps, los gentiles hombres de c\u00e1mara condes don Rodolfo de Zinzendorf, don Miguel Juan de Altaimb, don Juan Bauptista Colonits, don Luis de Fun, marqu\u00e9s de Rofrani, mucha nobleza y entre ella los condes Sormani y Stella, el bar\u00f3n don P\u00edo de Raviza y un buen n\u00famero de oficiales de guerra, consistiendo la real familia en unas 154 personas poco m\u00e1s.<\/p>\n\n\n\n<p>Los pr\u00edncipes Darmstadt Jorge y Henrrique, que de orden del c\u00e9sar av\u00edan passado a Espa\u00f1a embarcados en la flota de los aliados a expediciones muy importantes, se hallavan en Londres en aquella saz\u00f3n esperando a su magestad para obedezer las suyas y servir su real jornada.<\/p>\n\n\n\n<p>El numeroso tren y carruage que conduc\u00eda el equipage se anticip\u00f3 el d\u00eda antecedente a aquella ciudad, consistiendo el destinado para transitar la familia en 186 cavallos de tiro, 24 de silla, 31 cavallos y 16 sillas de posta.<\/p>\n\n\n\n<p>A poca distancia de Viena condecor\u00f3 el rey nuestro se\u00f1or la persona del pr\u00edncipe Antonio de Liecktenstein y a sus descendientes con la dignidad de Grande de Espa\u00f1a de primera clase, en atenci\u00f3n a su especial m\u00e9rito, esclarezida sangre y zircunstancias.<\/p>\n\n\n\n<p>Como no es ponderable el alborozo y summo regosijo que infundi\u00f3 en los corazones de ambas magestades ces\u00e1reas, rey y reyna de Romanos, y seren\u00edssimas archiduquessas, padres y hermanos respective la universal aclamaci\u00f3n del cath\u00f3lico monarca, no lo ser\u00e1 el dolor y desconsuelo que les contrist\u00f3 su despedida, no qued\u00e1ndoles naturalmente esperanzas de su retorno, de calidad que a haverles faltado los impulsos de su magnanimidad, es constante av\u00edan de prorrumpir sus austr\u00edacos \u00e1nimos y desazerse en tiernas l\u00e1grimas en aquella ocasi\u00f3n, en que fu\u00e9 rec\u00edproca la pena del rey Carlos, que resignado a sufrir quantas inclemencias pod\u00edan acometerle, confiado en la Divina Providencia, se expon\u00eda a ellas para libertar la naci\u00f3n espa\u00f1ola y restablezerla en el antiguo lustre que gozava en tiempo de los reyes predecessores de su august\u00edssima casa.<\/p>\n\n\n\n<p>Lleg\u00f3 su magestad al 23 en las vezindades de Praga, donde haviendo salido a recivir y cumplimentar su real persona todo el govierno, magistrado, nobleza y personas de la mayor representaci\u00f3n y car\u00e1cter, al disparo de toda la artiller\u00eda y tocando las campanas de las iglesias, hizo la misma tarde su real ingresso con la ostentaci\u00f3n y grandeza igual si no mayor a la con que sali\u00f3 de Viena.<\/p>\n\n\n\n<p>La aclamaci\u00f3n y summo regosijo con que aquellos austr\u00edacos vassallos la celebraron en continuos festejos y otros actos de contento no es ponderable, y menos possible descrivirlo mi cortedad. Hizo mansi\u00f3n algunos d\u00edas en la ciudad, y ansioso su real \u00e1nimo de no retardar la idea que se av\u00eda propuesto para el bien p\u00fablico de la Europa, prosigui\u00f3 la jornada transitando por la ciudad de Lepcia, capital de la Saxonia, y la de Dussendorf, que lo es del Palatinado, y al entrar a los Estados Generales de Olanda se embarc\u00f3 en el Rin, continu\u00e1ndola por agua hasta la ciudad de la Aya, corte de aquella rep\u00fablica, que en aclamaci\u00f3n, festejos y demonstraciones p\u00fablicas de alegr\u00eda al arribo de su real persona se esmer\u00f3 en su celebridad.<\/p>\n\n\n\n<div style=\"height:100px\" aria-hidden=\"true\" class=\"wp-block-spacer\"><\/div>\n\n\n\n<p><strong>Tercio<\/strong><\/p>\n\n\n\n<p><em>Contin\u00faa por mar la derrota embarcado en la flota. Aporta a Portmohurth, donde haze alguna mansi\u00f3n. Emb\u00e1rcase para Lisboa. Retrozede motivado de una cruel tempestad.<\/em><\/p>\n\n\n\n<p>Prevenidos y aprestados en aquel mar los nav\u00edos destinados al embarco de su magestad para Portmohurth a tiempo de passar a bordo con una faluca ricamente aderezada, le obsequiaron sus buques con el estruendo de una triplicada salva de toda su artiller\u00eda, y al disparo del ca\u00f1\u00f3n de leva, poniendo aquellos todo el velamen, tomaron la derrota por aquella parte con favorable viento. Aport\u00f3 felizmente su magestad en Portmohurth, donde fu\u00e9 recivida su real persona con summo alborozo y aclamaci\u00f3n de todos sus individuos. Pass\u00f3 sin retardo a visitar la reyna de la Gran Breta\u00f1a a Wintsor, poco distante de Londres en atenci\u00f3n a la fineza que exerzit\u00f3 milord duque de Marleboroug en cumplimentarle de su parte en Dussendorf, y para manifestarle igualmente la caval gratitud que le merez\u00eda la empresa y empe\u00f1o que av\u00eda tomado de ponerle y colocarle en su real trono con la fuerza y armamentos proporcionados, que para ello ten\u00eda destinados.<\/p>\n\n\n\n<p>Celebr\u00f3 la reyna Ana el arribo del cath\u00f3lico monarca con un espl\u00e9ndido y regalado banquete de esquisit\u00edssimos manjares, en que asentado el rey Carlos a la mano drecha de la reyna, y en una esquina de la mesa de su izquierda el pr\u00edncipe Jorge de Dinamarca, comieron sus magestades con el gusto, grandeza y cortexo que se dexa considerar, no parando la m\u00fasica y clarines de tocar durante aquel acto de diversi\u00f3n.<\/p>\n\n\n\n<p>Continuaron aquella noche y la subsiguiente los regosijos, dedic\u00e1ndose en obsequio de su magestad un luzid\u00edssimo bayle y serenata, compuesta de toda diversidad de musica y vozes, que suspend\u00edan los o\u00eddos su dulzura y sonoridad.<\/p>\n\n\n\n<p>Con ocasi\u00f3n de hallarse la numerosa flota, que comandava el almirante Roock, compuesta de setenta nav\u00edos de guerra y una multitud de transportes del todo expedida y pronta, retorn\u00f3 su magestad a Portmohurth para acelerar la marcha a la corte de Lisboa.<\/p>\n\n\n\n<p>Omito extenderme aqu\u00ed en los tr\u00e1nsitos que diariamente execut\u00f3 el rey nuestro se\u00f1or des del d\u00eda 19 de septiembre 1703 en que sali\u00f3 de Viena hasta el 10 de henero 1704, que lleg\u00f3 en Portmohurth, por considerarlo de poca o de ninguna entidad para el caso. Y solo dir\u00e9, por mayor, que no huvo elector, pr\u00edncipe y magistrado que dexase de cumplimentarle personalmente, o por medio de sus enviados si la distancia de sus moradas no lo permit\u00eda, previni\u00e9ndole algunos de ellos muchos divertimentos de caza, comedias, \u00f3peras serenatas y otros recreos durante su real mansi\u00f3n en los pueblos de sus dominios por donde iva transitando, y con especialidad el elector palatino y duque de Saxonia.<\/p>\n\n\n\n<p>Restituido su magestad en Portmohurth, al crep\u00fasculo del d\u00eda 12 se embarc\u00f3 en su nav\u00edo la <em>Real Cathelina<\/em> almiranta de Inglaterra con el disparo de toda la artiller\u00eda de la flota en n\u00famero de 300 velas, qued\u00e1ndose en el mar los d\u00edas 13, 14 y 15, que emple\u00f3 en la audiencia de los que ivan a cumplimentarle, de sus vassallos y assimismo en la expedici\u00f3n de negocios p\u00fablicos, y bolviendo a Portmohurth el 16, para ver el arsenal en que se fabrican los nav\u00edos, pass\u00f3 a su retorno a bordo de la almiranta de Olanda donde fu\u00e9 recivida su real persona del general Kallamberg con summo alborozo y especial regosijo al disparo de la artiller\u00eda a tiempo que el almirante Roock con sus capitanes en el consejo que se tuvo dispon\u00eda la real partenza para Lisboa.<\/p>\n\n\n\n<p>Amanezi\u00f3 el d\u00eda 17 tan plausible y favorable a la jornada, que no queriendo su magestad malograr el tiempo, resolvi\u00f3 executarla sin retardo, y ass\u00ed mand\u00f3 el almirante Roock disparar el ca\u00f1\u00f3n de leva levantando a un tiempo el fierro la flota, que poniendo todo el velamen, tom\u00f3 la derrota a todo trapo azia Lisboa con el estruendo de una triplicada salva de su artiller\u00eda a que correspondi\u00f3 la de la plaza y ciudadela, obsequiando a su magestad y en manifestaci\u00f3n de los deseos de que con la assistencia de la Divina lograse muy feliz la navegaci\u00f3n, que continu\u00f3 los d\u00edas siguientes 18, 19 y 20, pero bolvi\u00e9ndose contrario al 21, 22, 23 y 24 solo pudo lograr la flota entrar en los mares de Espa\u00f1a.<\/p>\n\n\n\n<p>Este \u00faltimo d\u00eda el pr\u00edncipe Jorge Landgrave de Hassia embarcado en una fragata ligera de 50 ca\u00f1ones, tom\u00f3 la derrota para Lisboa de orden de su magestad a efectuar anticipadamente diligencias muy importantes a su real servicio.<\/p>\n\n\n\n<p>Prosiguiendo al 25 aun m\u00e1s rezio el contrario viento sobrevino de improviso una cruel e intempestiva borrasca, que desaziendo toda la flota con p\u00e9rdida de algunos transportes, que la segu\u00edan, se tuvo por conveniente retrozeder a Portmohurth, como lo hizo su magestad con algunos nav\u00edos, donde entrando a seis de febrero, fue recivida su real persona del comandante y magistrado, con la correspondiente estimaci\u00f3n y aprecio devido a tan alto soberano.<\/p>\n\n\n\n<p>Repar\u00e1ronse los nav\u00edos, que fueron maltratados de la tempestad, y tom\u00e1ndose al 15 las provisiones necessarias para su abasto, reiter\u00f3 su magestad el embarco con el continuo disparo de las bater\u00edas de la plaza, ciudadela y vaxeles, favoreziendo del viento, pero levant\u00e1ndose despu\u00e9s a boca noche muy contrario, fu\u00e9 preciso quedarse sobre el fierro hasta el 18, que levant\u00e1ndose y soplando, como se deseava, calando velas se pudo llegar hasta la Isla de Santa Elena, donde se hizo alguna manci\u00f3n esperando el resto de la flota, que viniendo al 24 se prosigui\u00f3 la jornada con buen viento entrando a la altura del mar de Viscaya, el 29, en que prosiguiendo favorable se lleg\u00f3 a 3 de marzo al cabo de Finis Terre des de cuyo parage despach\u00f3 su magestad un gentil hombre de c\u00e1mara a Lisboa para darle cuenta al rey don Pedro de su jornada y de hallarse su real persona en aquella distancia.<\/p>\n\n\n\n<div style=\"height:100px\" aria-hidden=\"true\" class=\"wp-block-spacer\"><\/div>\n\n\n\n<p><strong>Quarto<\/strong><\/p>\n\n\n\n<p><em>Cerena el tiempo y sopla favorable el viento. Buelve a tomar su derrota la flota a toda vela. Llega su magestad pr\u00f3speramente en la barra de Lisboa. Recivimiento y entrada, cumplimientos y demonstraciones cari\u00f1osas que exerzit\u00f3 a su real persona el rey don Pedro.<\/em><\/p>\n\n\n\n<p>Prosigui\u00f3 su magestad, y con favorable viento se adelant\u00f3 muy cerca del cabo de Roca, y previni\u00e9ndose el peligro de los escollos que tiene aquel canal baxo del agua, guiado el tim\u00f3n de la real nave y vaxeles, que la acompa\u00f1avan por un piloto portugu\u00e9s el m\u00e1s perito en aquel mar se logr\u00f3 feliz la entrada de aquella barra.<\/p>\n\n\n\n<p>No retard\u00f3 el almirante de Castilla los actos de su mayor atenci\u00f3n, ass\u00ed que passando a bordo de la real nave, exerzit\u00f3 con su magestad los m\u00e1s correspondientes a sus circunstancias, sangre y amor a la august\u00edssima casa.<\/p>\n\n\n\n<p>Fueron rec\u00edprocos los cumplimientos, regosijos y demonstraciones de afecto y cari\u00f1o que se vieron practicados entre las magestades la cath\u00f3lica con la portuguesa, y pr\u00edncipes sus hijos, y todos estos con la cath\u00f3lica, antes por medio de sus enviados y despu\u00e9s por medio de sus enviados, y a la vista.<\/p>\n\n\n\n<p>Con el favor que franque\u00f3 al 9 la marea a la real almiranta, pudo acompa\u00f1ada de algunos nav\u00edos entrar m\u00e1s adentro de la baya y dar fondo fuente al real palacio junto a un puente, que con una escalera dorada y cubierta de pa\u00f1o colorado se hallava de nuevo fabricada sobre un eminente arco para transitar su magestad al mismo palacio de aquel rey, que lleg\u00e1ndole el aviso de haver ancorado real nav\u00edo, pass\u00f3 sin retardo a su bordo con mucho acompa\u00f1amiento, embarcado en un bergant\u00edn muy bien aderezado, llevando su real guardia y acompa\u00f1amiento riqu\u00edssimos vestidos, donde fu\u00e9 recivida su real persona de la cath\u00f3lica magestad con el cari\u00f1o y estimaci\u00f3n que merez\u00edan sus circunstancias, y despu\u00e9s de haverse exerzitado entre ellos los cumplimientos, agasajos y expressiones afectuosas, entraron los dos en el bergant\u00edn, y ocupando despu\u00e9s de alguna ceremonia el rey nuestro se\u00f1or la derecha del portugu\u00e9s, tomaron a todo remo la marcha, que celebr\u00e1ndola al mismo tiempo la artiller\u00eda de la plaza y nav\u00edos de la flota con triplicada salva, hizieron su real desembarco junto al pi\u00e9 de aquella sumptuosa escalera, donde hall\u00e1ndose los dos pr\u00edncipes de Portugal, despu\u00e9s de haver cumplimentado a su magestad cath\u00f3lica, le acompa\u00f1aron con el s\u00e9quito de mucha nobleza a la capilla del Real Palacio, en que despu\u00e9s de haverse cantado el <em>Te Deum<\/em> en acimiento de gracias del feliz arribo del rey nuestro se\u00f1or, le conduxo la magestad portuguesa al apartamiento regio que le ten\u00eda prevenido en su mismo palacio, tan ricamente adornado, que en disposici\u00f3n, ricas alajas y luzes parez\u00eda un cielo abreviado.<\/p>\n\n\n\n<p>Derogose la pragm\u00e1tica inviolablemente observada en los Reynos de Portugal hasta entonces de no comer en p\u00fablico sus reyes, y ass\u00ed cenaron esta noche las magestades y los dos pr\u00edncipes en p\u00fablico con la armon\u00eda de la m\u00fasica de varios instrumentos y assistencia de la mayor nobleza portuguesa y corte del rey CARLOS.<\/p>\n\n\n\n<p>Celebr\u00f3 todo el pueblo el arribo del cath\u00f3lico monarca con las demonstraciones p\u00fablicas de luminarias y aclamaci\u00f3n de sus vezinos a que correspondi\u00f3 igualmente la flota con las suyas, de calidad que parez\u00eda el d\u00eda claro aquella anoche en mar y tierra.<\/p>\n\n\n\n<p>Deseando su magestad manifestar la gratitud y summa estimaci\u00f3n que le merezi\u00f3 la fina assistencia y continuo desvelo con que prozedi\u00f3 en su servicio el almirante Roock durante la navegaci\u00f3n, le regal\u00f3 con una espada guarnezida de oro, matizada de diamantes, y subsiguientemente el rey don Pedro hizo presentar al cath\u00f3lico monarca doze cavallos bell\u00edssimos, un espad\u00edn guarnezido de oro engastado de riqu\u00edssimos diamantes y un par de pistolas de igual o m\u00e1s valor, laboradas con mucho arte y adorno assimismo de diamantes.<\/p>\n\n\n\n<p>Aproxim\u00e1ndose la abertura de campa\u00f1a todo el conato de las magestades cath\u00f3lica y portuguesa se reduxo en el establezimiento de las disposiciones que m\u00e1s assegurasen la felizidad en las operaciones, que se hav\u00edan propuesto y ideado por aquella frontera y costas mar\u00edtimas de Espa\u00f1a, ass\u00ed que con acuerdo de los ministros y generales de la reyna de la Gran Breta\u00f1a, se destin\u00f3 una flota baxo los \u00f3rdenes del almirante Roock en que embarc\u00e1ndose de orden de su magestad los dos pr\u00edncipes Darmstadt Jorge y Henrrique, tom\u00f3 la derrota a los primeros de mayo para el Mediterr\u00e1neo azia la parte de levante.<\/p>\n\n\n\n<hr class=\"wp-block-separator\"\/>\n\n\n\n<p class=\"has-text-align-center\"><a href=\"http:\/\/gibaltar.cat\/index.php\/documents\/diari-de-francesc-de-casamitjana\/preludi\/\">&lt; Preludi<\/a> \/ <a href=\"http:\/\/gibaltar.cat\/index.php\/documents\/diari-de-francesc-de-casamitjana\/capitol-2\/\">Cap\u00edtol 2 &gt;<\/a><\/p>\n","protected":false},"excerpt":{"rendered":"<p>Cap\u00edtulo primo Sensible y llorada muerte del rey cath\u00f3lico Carlos Segundo, que introduzi\u00e9ndose por ella injustamente el seren\u00edssimo de Anjou a su trono alarma la Europa. Declara el c\u00e9sar Leopoldo guerra contra la Francia, y la sigue vitorioso. Col\u00edgansele subsiguientemente Inglaterra, Olanda, Portugal y Saboya aclam\u00e1ndole por leg\u00edtimo rey de aquella monarqu\u00eda. Renuncia el c\u00e9sar [&hellip;]<\/p>\n","protected":false},"author":1,"featured_media":0,"parent":400,"menu_order":2,"comment_status":"closed","ping_status":"closed","template":"","meta":[],"_links":{"self":[{"href":"https:\/\/gibaltar.cat\/index.php\/wp-json\/wp\/v2\/pages\/407"}],"collection":[{"href":"https:\/\/gibaltar.cat\/index.php\/wp-json\/wp\/v2\/pages"}],"about":[{"href":"https:\/\/gibaltar.cat\/index.php\/wp-json\/wp\/v2\/types\/page"}],"author":[{"embeddable":true,"href":"https:\/\/gibaltar.cat\/index.php\/wp-json\/wp\/v2\/users\/1"}],"replies":[{"embeddable":true,"href":"https:\/\/gibaltar.cat\/index.php\/wp-json\/wp\/v2\/comments?post=407"}],"version-history":[{"count":9,"href":"https:\/\/gibaltar.cat\/index.php\/wp-json\/wp\/v2\/pages\/407\/revisions"}],"predecessor-version":[{"id":1053,"href":"https:\/\/gibaltar.cat\/index.php\/wp-json\/wp\/v2\/pages\/407\/revisions\/1053"}],"up":[{"embeddable":true,"href":"https:\/\/gibaltar.cat\/index.php\/wp-json\/wp\/v2\/pages\/400"}],"wp:attachment":[{"href":"https:\/\/gibaltar.cat\/index.php\/wp-json\/wp\/v2\/media?parent=407"}],"curies":[{"name":"wp","href":"https:\/\/api.w.org\/{rel}","templated":true}]}}