{"id":420,"date":"2021-06-23T17:01:18","date_gmt":"2021-06-23T15:01:18","guid":{"rendered":"http:\/\/gibaltar.cat\/?page_id=420"},"modified":"2022-08-20T08:54:11","modified_gmt":"2022-08-20T06:54:11","slug":"capitol-6","status":"publish","type":"page","link":"https:\/\/gibaltar.cat\/index.php\/documents\/diari-de-francesc-de-casamitjana\/capitol-6\/","title":{"rendered":"Cap\u00edtol 6"},"content":{"rendered":"\n<p><strong>Cap\u00edtulo sexto<\/strong><\/p>\n\n\n\n<p>Desamboca nuestro vicealmirante Leack el estrecho con su esquadra y de desesperada la enemiga acude al fuego.<\/p>\n\n\n\n<p>Aferra la armada en nuestra baya. Conferencian el pr\u00edncipe y ingl\u00e9s materias importantes.<\/p>\n\n\n\n<p>Emprende Villadaries con m\u00e1s fervor la ofensa con vehemente disparo para hazer brecha, intentando sorprendernos por la monta\u00f1a, pero paga su ossad\u00eda con la p\u00e9rdida de los suyos.<\/p>\n\n\n\n<p>Valor de nuestra gente en el acometimiento de su contrario. Lista de los soldados que le apresamos.<\/p>\n\n\n\n<div style=\"height:100px\" aria-hidden=\"true\" class=\"wp-block-spacer\"><\/div>\n\n\n\n<p><strong>Primo<\/strong><\/p>\n\n\n\n<p><em>Desamboca nuestro vicealmirante Leack el estrecho con su esquadra y de desesperado el enemigo acude al fuego<\/em>.<\/p>\n\n\n\n<p>Llegamos ya al feliz d\u00eda en que la Divina Providencia para hazer magn\u00edfica ostentaci\u00f3n de su justicia nos dex\u00f3 ver sobre la baya (de que poco antes av\u00eda partido el de Point\u00ed con 13 de sus nav\u00edos para embarcar los nuevos refuerzos de gente, que en C\u00e1diz ten\u00edan aprestados los contrarios) una esquadra amiga, que para nuestro socorro se av\u00eda prevenido a instancias del rey nuestro se\u00f1or (que Dios guarde), poco antes en la barra de Lisboa, con que aquella misma tarde el vicealmirante Leack que la comandava avist\u00f3 la sitiada plaza.<\/p>\n\n\n\n<p>El alborozo que caus\u00f3 su descubrimiento a los sitiados no ay para que ponderarle aqu\u00ed, ni menos hazer menci\u00f3n del sentimiento que tuvieron los enemigos con tan repentina novedad. Doze nav\u00edos que del de Point\u00ed hav\u00edan quedado para la seguridad del enemigo por aquella parte, sorprendidos o del pasmo o de la admiraci\u00f3n a vista de tan improviso acaso, no supieron recurrir a otro medio que al del fuego a que les entreg\u00f3 no s\u00e9 si m\u00e1s que su desesperaci\u00f3n la falta de consexo. Solo una fragata de 50 ca\u00f1ones que penz\u00f3 con su lixereza burlar la velozidad de las muchas que compon\u00edan nuestra flota, qued\u00f3, aunque prisionera, salva del incendio a que se vieron reduzidas las dem\u00e1s.<\/p>\n\n\n\n<p>Fu\u00e9 cosa de ver la festiva aunque bien costosa demonstraci\u00f3n con que a boca de noche los enemigos celebraron la venida de nuestro socorro. Era el estruendo porfiada galante lisonja de nuestros o\u00eddos, si eco f\u00fanebre para los del enemigo. Sub\u00edan al cielo las llamas entre las densas pardas nubes de humo, en que se dissipavan el alquitr\u00e1n, rezina y cebo de sus buques y armaz\u00f3n.<\/p>\n\n\n\n<p>Los pertrechos de guerra, granadas, bombas, ollas de p\u00f3lvora, carcages y dem\u00e1s fuegos artificiales que por la precisi\u00f3n del tiempo no pudieron desembarcarse, hizieron tal estruendo al dispararse que llegaron a formar en el ayre una confusa bien que continuada salva con que alegraron a los sitiados, de calidad que impazientes rebozavan de gozo entre la admiraci\u00f3n y el pasmo.<\/p>\n\n\n\n<div style=\"height:100px\" aria-hidden=\"true\" class=\"wp-block-spacer\"><\/div>\n\n\n\n<p><strong>Secundo<\/strong><\/p>\n\n\n\n<p><em>Aferra la armada en nuestra baya. Conferencian el pr\u00edncipe y el ingl\u00e9s materias importantes.<\/em><\/p>\n\n\n\n<p>El vicealmirante Leack, que se lo av\u00eda estado mirando con alg\u00fan g\u00e9nero de impaziencia, no dex\u00f3 de estra\u00f1ar la arrestada resoluci\u00f3n con que el franc\u00e9s av\u00eda incendiado su flota. Con todo aferr\u00f3 en nuestra baya aquella misma noche, ocupando con los 25 nav\u00edos de que se formava su esquadra el passo de la ciudad a fin de mantenerse en aquel puesto, y assegurarla totalmente de las azechanzas del de Point\u00ed en caso que este general intentara nuevamente vengar la quema de sus nav\u00edos con la ruina de los edificios de la ciudad, a que se dispon\u00eda en C\u00e1diz aviendo dado orden a dos balandras le siguieran en el retorno, que con sus nav\u00edos y socorros ten\u00eda prefixado.<\/p>\n\n\n\n<p>Con el ingl\u00e9s consult\u00f3 el pr\u00edncipe aquel mismo d\u00eda diferentes dependencias de monta, y despu\u00e9s de algunas horas passaron ambos a dos a tratar de las disposiciones y medidas que se av\u00edan de seguir durante el assedio a vista del empe\u00f1o con que el enemigo se av\u00eda obstinado en la ofensa de la plaza.<\/p>\n\n\n\n<div style=\"height:100px\" aria-hidden=\"true\" class=\"wp-block-spacer\"><\/div>\n\n\n\n<p><strong>Tercoio<\/strong> [sic]<\/p>\n\n\n\n<p><em>Emprende Villadaries con m\u00e1s tess\u00f3n el empe\u00f1o, diriguiendo su fuego para lograr a todo punto brecha. Intenta sorprender la plaza por la monta\u00f1a y paga la osad\u00eda con p\u00e9rdida de los suyos.<\/em><\/p>\n\n\n\n<p>Este inopinado golpe, que sirvi\u00f3 como de preliminar a los que poco despu\u00e9s se le subsiguieron al enemigo, di\u00f3 motivo al de Villadaries para entrar con nuevo tess\u00f3n en la demanda que se av\u00eda propuesto. En conformidad de esto dispuso al amanezer de aquel mismo d\u00eda se reforsasen de nuevo las dos bater\u00edas, que de d\u00edas atr\u00e1s se av\u00edan plantado a fin de que por este camino se lograra quanto antes la fortuna de quedar la brecha de la Redondela capaz para el assalto, caso que no le surtiera la memorable sorpresa que pensava executar al amanezer del siguiente d\u00eda, que lo fu\u00e9 del glorioso San Mart\u00edn.<\/p>\n\n\n\n<p>Con esta resoluci\u00f3n mando al crep\u00fasculo del sol del d\u00eda 9 se aprestara de todo punto para avanzar la ciudad al romper del alba por aquella parte de monta\u00f1a al coronel Figueroa, que por lo escarpado de su accesso sirve de guarda espaldas a la plaza y de notable defensa del todo de su fortificaci\u00f3n. Embisti\u00f3 con tal cautela el coronel, que apenas pudo ser descubierto de nuestras sentinelas ora fuera porque av\u00edan totalmente descuydado de su resguardo por considerarse de ninguna entidad. La verdad es que el Figueroa conduzido por un pastor que ten\u00eda bien conozido aquel terreno con diferentes escalas de cuerda, pudo con su gente ocupar a lo largo la mayor parte de la sima, de calidad que sin m\u00e1s diligencia vino a predominarnos enteramente.<\/p>\n\n\n\n<p>Los sitiados apenas divisaron al enemigo sobre tan ventajoso parage, dieron de ello parte a su primer gefe, que sin aguardar m\u00e1s prevenci\u00f3n dispuso que su hermano el pr\u00edncipe Henrrique con las dos compa\u00f1\u00edas de Sandoval y fusileros avanzase azia ellos por la parte del Salto del Lobo, que era la m\u00e1s arriesgada, a tiempo que el teniente coronel Bor con sus cien granaderos por la derecha, que mira a la de la Virgen de Europa le iva atacando para embarazarle sus designios.<\/p>\n\n\n\n<p>Qui\u00e9n no ha visto el ardimiento y corage con que en aquella ocasi\u00f3n de que buenamente depend\u00eda el logro de aquella empresa, no creer\u00e1 que estando el enemigo tan fuertamente apostado pudiera nuestro valor obligarle a rendir las armas despu\u00e9s de alguna resistencia, como se logr\u00f3 a esfuerzo del estra\u00f1o arrojo con que ingleses y espa\u00f1oles a un tiempo dieron sobre el enemigo. Resistiose este como una media hora haziendo alg\u00fan fuego contra los que le atacavan, que de despechados le embistieron a cuerpo descubierto, sin reparar ni en la superioridad ni en los embarazos que el terreno de s\u00ed para la gran subida padez\u00eda.<\/p>\n\n\n\n<p>En fin la porfiada actividad con que unos y otros nos esmer\u00e1vamos en aquella funcci\u00f3n a dar muestras del esp\u00edritu y braveza de nuestros corazones les oblig\u00f3 a los contrarios a ceder rindi\u00e9ndosenos quantos no tuvieron tiempo para retrozeder de la empresa.<\/p>\n\n\n\n<div style=\"height:100px\" aria-hidden=\"true\" class=\"wp-block-spacer\"><\/div>\n\n\n\n<p><strong>Quarto<\/strong><\/p>\n\n\n\n<p><em>Valor de nuestra gente en el acometimiento de su contrario. Lista de los prisioneros que se les hizieron.<\/em><\/p>\n\n\n\n<p>En esta importante acci\u00f3n no s\u00e9 yo discurrir entre espa\u00f1oles y ingleses qui\u00e9n se llev\u00f3 la ventaja. Unos y otros pelearon a todo tranze. Los espa\u00f1oles baxo un caudillo cuya alma toda de fuego no aspirava a otro que a las llamas, pudiendo su natural fogosidad venzer quantos reparos le propusiesse por adelante la imaginaci\u00f3n. Los ingleses cuyo marcial genio est\u00e1 ya echo a no hazer caso de los riesgos, dieron tales muestras de su esfuerzo que lograron a poco rato triumfar enteramente de su adversario. Unos y otros, es fixo, que en esta ocasi\u00f3n se cedieron parias en la igualdad. Lo cierto es que la compa\u00f1\u00eda de fusileros catalanes di\u00f3 principio a la vitoria desaloxando una manga de granaderos, que ocupando lo m\u00e1s eminente, se iva estendiendo ya muy cerca del Salto del Lobo, y que logrando aquel parage no av\u00eda m\u00e1s que venzer.<\/p>\n\n\n\n<p>Eran los enemigos en n\u00famero de unos quatro cientos, gente escogida, y muchos de ellos graduados en la milicia, como se ver\u00e1 por la lista que de ellos se pondr\u00e1 a la fin deste cap\u00edtulo. El n\u00famero de nuestra gente no exced\u00eda de a ducientos [sic]: el puesto en que nos esper\u00f3 el enemigo era lo eminente del monte, que ocupava. El terreno que hubieron de venzer nuestras tropas para llegar a hazerles fuego era lo \u00e1spero y pendiente de sus desfiladeros. Los enemigos con solas piedras pod\u00edan embarazarnos la subida aunque hubi\u00e9ramos sido mil combatientes. Los nuestros dev\u00edan venzer lo intrincado de su senda.<\/p>\n\n\n\n<p>De los muertos por nuestra parte no ay que hazer menci\u00f3n pues no huvo entre ellos persona de cuenta s\u00ed solo tres soldados, un espa\u00f1ol y dos ingl\u00e9s [sic] fueron los que nos faltaron despu\u00e9s de la funcci\u00f3n.<\/p>\n\n\n\n<p>Entre los heridos tengo bien que hazer memoria del pr\u00edncipe Henrrique a qui\u00e9n una bala lissi\u00f3 malamente su brazo derecho, de don Ricardo Nugen page del pr\u00edncipe comandante, y de algunos soldados de entrambas a dos naciones, qui\u00e9nes con los rub\u00edes de su sangre merezieron en aquel lanze acreditar su valor y dar muestras de su alentado esfuerzo.<\/p>\n\n\n\n<p>Rendidos ya los enemigos, les conduximos a la presencia del pr\u00edncipe comandante, que los estava esperando, deseoso de ver el fruto que en aquella ocasi\u00f3n av\u00eda sabido coger en los campos de Marte la savia conducta de su hermano Henrrique.<\/p>\n\n\n\n<p>Llegaron a poco rato, y cumplimentando como se merez\u00edan a los principales cabos del enemigo que de aquella funcci\u00f3n quedavan prisioneros, les aloj\u00f3 por las casas de la ciudad seg\u00fan el car\u00e1cter de cada uno y permit\u00eda la comodidad.<\/p>\n\n\n\n<p>No quisiera olvidar aqu\u00ed lo que en este lanze me suzedi\u00f3 con el coronel Figueroa, que con ocasi\u00f3n de haverle yo rendido, contribuy\u00f3 en la gloria que mi punto y estimaci\u00f3n merezieron en tan arriesgada como heroica funcci\u00f3n en que se destingui\u00f3 don Sebasti\u00e1n Riba de Neyra, mostrando sus br\u00edos y valor.<\/p>\n\n\n\n<div style=\"height:100px\" aria-hidden=\"true\" class=\"wp-block-spacer\"><\/div>\n\n\n\n<p>Lista de los oficiales y soldados que hazimos prisioneros en la funcci\u00f3n de la monta\u00f1a<\/p>\n\n\n\n<p>Coroneles:<\/p>\n\n\n\n<p>Don Antonio de Figueroa y Silva<\/p>\n\n\n\n<p>Sargentos mayores:<\/p>\n\n\n\n<p>Don Antonio de Peralta Arxon y C\u00f3rdova<\/p>\n\n\n\n<p>Tenientes coroneles:<\/p>\n\n\n\n<p>Don Francisco Galiano y C\u00f3rdova<\/p>\n\n\n\n<p>Don Eugenio Phelipo Domingo de San Sebastiano<\/p>\n\n\n\n<p>Capitanes:<\/p>\n\n\n\n<p>Don Juan de Parcero<\/p>\n\n\n\n<p>Don Luis Barrientos<\/p>\n\n\n\n<p>Don Juan Copia<\/p>\n\n\n\n<p>Don Juan de Valderrama<\/p>\n\n\n\n<p>Don Melchor Seco<\/p>\n\n\n\n<p>Don Mariano Antonio Hugo<\/p>\n\n\n\n<p>Don Juan de Soto<\/p>\n\n\n\n<p>Ayudantes:<\/p>\n\n\n\n<p>Don Gabriel de Barrera<\/p>\n\n\n\n<p>Tenientes:<\/p>\n\n\n\n<p>Don Pedro Alberto Chevall\u00e9<\/p>\n\n\n\n<p>Don Juan Manuel de R\u00edos<\/p>\n\n\n\n<p>Don Diego Moreno<\/p>\n\n\n\n<p>Alferezes:<\/p>\n\n\n\n<p>Don Pedro Brancadel<\/p>\n\n\n\n<p>Don Bernardo Chac\u00f3n<\/p>\n\n\n\n<p>Don Mat\u00edas de Tripiana<\/p>\n\n\n\n<p>Don Jayme Juan Fuentes<\/p>\n\n\n\n<p>Don Andr\u00e9s Bayart<\/p>\n\n\n\n<p>Don Antonio Parco<\/p>\n\n\n\n<p>Sargentos:<\/p>\n\n\n\n<p>Jayme Sell\u00e9<\/p>\n\n\n\n<p>Jayme Soli<\/p>\n\n\n\n<p>Joseph Gomes<\/p>\n\n\n\n<p>Juan de Simoneta<\/p>\n\n\n\n<p>Christ\u00f3val de Presana<\/p>\n\n\n\n<p>Matheo Blanco<\/p>\n\n\n\n<p>Joseph Adri\u00e1n<\/p>\n\n\n\n<p>Gin\u00e9s Bravo de Morata<\/p>\n\n\n\n<p>Manuel de Medina<\/p>\n\n\n\n<p>Manuel Salvador<\/p>\n\n\n\n<p>Antonio de Cotes<\/p>\n\n\n\n<p>Cabos de esquadra:<\/p>\n\n\n\n<p>Juan Mu\u00f1os<\/p>\n\n\n\n<p>Francisco Guerrero<\/p>\n\n\n\n<p>Joseph Domingues<\/p>\n\n\n\n<p>Manuel de Qui\u00f1ones<\/p>\n\n\n\n<p>Juan de San Tiago<\/p>\n\n\n\n<p>Juan Phelipe<\/p>\n\n\n\n<p>Sebasti\u00e1n de Serni<\/p>\n\n\n\n<p>Miguel de Carbaxal<\/p>\n\n\n\n<p>Pablo Mitan<\/p>\n\n\n\n<p>Juan Alcario<\/p>\n\n\n\n<p>Antonio Juan Artiz<\/p>\n\n\n\n<p>Andr\u00e9s Garc\u00eda<\/p>\n\n\n\n<p>Marco P\u00e9rez<\/p>\n\n\n\n<p>Aventajados:<\/p>\n\n\n\n<p>Don Manuel Manrrique<\/p>\n\n\n\n<p>Don Nicol\u00e1s Biscarrondo<\/p>\n\n\n\n<p>Thom\u00e1s de los R\u00edos<\/p>\n\n\n\n<p>Miguel Solana<\/p>\n\n\n\n<p>Don Juan de Hosta<\/p>\n\n\n\n<p>Don Juan de Benavente<\/p>\n\n\n\n<p>Antonio D\u00edas<\/p>\n\n\n\n<p>Entretenidos:<\/p>\n\n\n\n<p>Don Joseph de Bellera<\/p>\n\n\n\n<p>Luis Ballester<\/p>\n\n\n\n<p>Antonio Joseph<\/p>\n\n\n\n<p>Francisco Pantonet<\/p>\n\n\n\n<p>Ignasio Gallaraga<\/p>\n\n\n\n<p>Juan Ventura L\u00f3pez<\/p>\n\n\n\n<p>Manuel Verdexo<\/p>\n\n\n\n<p>Diego Andr\u00e9s<\/p>\n\n\n\n<p>Blas Rodrigues<\/p>\n\n\n\n<p>Luis Fib\u00ed<\/p>\n\n\n\n<p>Joseph Granalla<\/p>\n\n\n\n<p>Carlos Vigano<\/p>\n\n\n\n<p>Francisco Aranda<\/p>\n\n\n\n<p>Bartholom\u00e9 Jadou<\/p>\n\n\n\n<p>Pablo Mitan [sic: repetit]<\/p>\n\n\n\n<p>Juan Tansenes<\/p>\n\n\n\n<p>Melchor de Torres<\/p>\n\n\n\n<p>Joseph Prano<\/p>\n\n\n\n<p>Balthazar Guti\u00e9rrez<\/p>\n\n\n\n<p>Juan Jurado<\/p>\n\n\n\n<p>Joseph Pe\u00f1afiel<\/p>\n\n\n\n<p>Pedro Guisante<\/p>\n\n\n\n<p>Luis Peti\u00f1o<\/p>\n\n\n\n<p>Francisco Alonzo<\/p>\n\n\n\n<p>Manuel Fernandes<\/p>\n\n\n\n<p>Francisco Bartolo<\/p>\n\n\n\n<p>Joseph Garif\u00f3<\/p>\n\n\n\n<p>Francisco El\u00edas<\/p>\n\n\n\n<p>Juan Manuel de Lobera<\/p>\n\n\n\n<p>Don Alfonso Bald\u00e9s<\/p>\n\n\n\n<p>Juan de Treveni<\/p>\n\n\n\n<p>Joseph Huguera<\/p>\n\n\n\n<p>Gabriel Merlo<\/p>\n\n\n\n<p>Juan Marqu\u00e9s<\/p>\n\n\n\n<p>Sebasti\u00e1n Gonzales<\/p>\n\n\n\n<p>Francisco Olmedo<\/p>\n\n\n\n<p>Miguel L\u00f3pez<\/p>\n\n\n\n<p>Joseph Sancho<\/p>\n\n\n\n<p>Jacintho Mart\u00ednez<\/p>\n\n\n\n<p>Franquer Valon<\/p>\n\n\n\n<p>Andr\u00e9s Sand\u00edn<\/p>\n\n\n\n<p>Doncor Valch<\/p>\n\n\n\n<p>Joseph Chac\u00f3n<\/p>\n\n\n\n<p>Adan Dub\u00e9<\/p>\n\n\n\n<p>Joseph Tiranxero<\/p>\n\n\n\n<p>Santiago Valon<\/p>\n\n\n\n<p>Joseph de Luna<\/p>\n\n\n\n<p>Diego Alveres<\/p>\n\n\n\n<p>Christ\u00f3val de Valanzuela<\/p>\n\n\n\n<p>Francisco Dumen<\/p>\n\n\n\n<p>Miguel Julien<\/p>\n\n\n\n<p>Manuel Andr\u00e9<\/p>\n\n\n\n<p>Juan Arenales<\/p>\n\n\n\n<p>Roque Jacintho de Gonzales<\/p>\n\n\n\n<p>Alonzo Plant\u00ed<\/p>\n\n\n\n<p>Jayme Trampey<\/p>\n\n\n\n<p>Pedro Rodrigues<\/p>\n\n\n\n<p>Antonio Bonilla de la Torre<\/p>\n\n\n\n<p>Joseph Guell<\/p>\n\n\n\n<p>Antonio Luis Aguado de Perila<\/p>\n\n\n\n<p>Math\u00edas Anselmo<\/p>\n\n\n\n<p>Diego Marqu\u00e9s<\/p>\n\n\n\n<p>Francisco Meleno<\/p>\n\n\n\n<p>Juan Igual<\/p>\n\n\n\n<p>Francisco Mart\u00edn<\/p>\n\n\n\n<p>Juli\u00e1n de la Cueva<\/p>\n\n\n\n<p>Joseph Pereyra<\/p>\n\n\n\n<p>Pedro de Guardia<\/p>\n\n\n\n<p>Domingo Lemo<\/p>\n\n\n\n<p>Antonio de Reyra<\/p>\n\n\n\n<p>Phelipe de Constin<\/p>\n\n\n\n<p>Antonio Puigvert<\/p>\n\n\n\n<p>Julian de Buenosayres<\/p>\n\n\n\n<p>Joseph Plantano<\/p>\n\n\n\n<p>Juan de la Vega<\/p>\n\n\n\n<p>Pedro Angulo<\/p>\n\n\n\n<p>Francisco Posadas<\/p>\n\n\n\n<p>Salvador de Rieyra<\/p>\n\n\n\n<p>Matheo de Villamar<\/p>\n\n\n\n<p>Juan de Casta\u00f1eda<\/p>\n\n\n\n<p>Joseph Casado<\/p>\n\n\n\n<p>Jorge Penca<\/p>\n\n\n\n<p>Jacintho de Se\u00f1ores<\/p>\n\n\n\n<p>Pedro Avanzado<\/p>\n\n\n\n<p>Antonio de Prado<\/p>\n\n\n\n<p>Balthazar de Gurbeyra<\/p>\n\n\n\n<p>Silvestre Privado<\/p>\n\n\n\n<p>Alonzo del Valle<\/p>\n\n\n\n<p>Pedro Gigante<\/p>\n\n\n\n<p>Luis Ronquito<\/p>\n\n\n\n<p>Francisco Palmer\u00f3n<\/p>\n\n\n\n<p>Joseph Aron<\/p>\n\n\n\n<p>Francisco Bartholom\u00e9<\/p>\n\n\n\n<p>Antonio Llobera<\/p>\n\n\n\n<p>Pablo Marata<\/p>\n\n\n\n<p>Juli\u00e1n Pront\u00edn<\/p>\n\n\n\n<p>Sebasti\u00e1n Selvano<\/p>\n\n\n\n<p>Pedro de Cam\u00f3n<\/p>\n\n\n\n<p>Juan de Campano<\/p>\n\n\n\n<p>Joseph Lumin\u00f3s<\/p>\n\n\n\n<p>Salvador Dormino<\/p>\n\n\n\n<p>Francisco Salvador<\/p>\n\n\n\n<p>Manuel del Hoste<\/p>\n\n\n\n<p>Pedro Tripiana<\/p>\n\n\n\n<p>Luis Crespo<\/p>\n\n\n\n<p>Antonio Pont\u00edn<\/p>\n\n\n\n<p>Salvador Ca\u00f1ado<\/p>\n\n\n\n<p>Roque Velino<\/p>\n\n\n\n<p>Juan del Valle<\/p>\n\n\n\n<p>Salvador Tuerto<\/p>\n\n\n\n<p>Juan de la Riva<\/p>\n\n\n\n<p>Pedro Machado<\/p>\n\n\n\n<p>Silvestre Garriga<\/p>\n\n\n\n<p>Mauricio Anselmo<\/p>\n\n\n\n<p>Estevan Rondado<\/p>\n\n\n\n<p>Joseph Pinto<\/p>\n\n\n\n<p>Onofrio del Valle<\/p>\n\n\n\n<p>Francisco Dencio<\/p>\n\n\n\n<p>Lorenzo Plana<\/p>\n\n\n\n<p>Vicente Benito<\/p>\n\n\n\n<p>Anastasio Roca<\/p>\n\n\n\n<p>Juli\u00e1n Mancado<\/p>\n\n\n\n<p>Manuel Denso<\/p>\n\n\n\n<p>Pedro Tirado<\/p>\n\n\n\n<p>Bauptista Mart\u00ednez<\/p>\n\n\n\n<p>Juan Corrado<\/p>\n\n\n\n<p>Los muertos que quedaron en el mismo puesto del enemigo fueron algunos 25 y muchos los soldados suyos que se descolgaron des de aquel alto.<\/p>\n\n\n\n<hr class=\"wp-block-separator\"\/>\n\n\n\n<p class=\"has-text-align-center\"><a href=\"http:\/\/gibaltar.cat\/index.php\/documents\/diari-de-francesc-de-casamitjana\/capitol-5\/\">&lt; Cap\u00edtol 5<\/a> \/ <a href=\"http:\/\/gibaltar.cat\/index.php\/documents\/diari-de-francesc-de-casamitjana\/capitol-7\/\">Cap\u00edtol 7 &gt;<\/a><\/p>\n","protected":false},"excerpt":{"rendered":"<p>Cap\u00edtulo sexto Desamboca nuestro vicealmirante Leack el estrecho con su esquadra y de desesperada la enemiga acude al fuego. Aferra la armada en nuestra baya. Conferencian el pr\u00edncipe y ingl\u00e9s materias importantes. Emprende Villadaries con m\u00e1s fervor la ofensa con vehemente disparo para hazer brecha, intentando sorprendernos por la monta\u00f1a, pero paga su ossad\u00eda con [&hellip;]<\/p>\n","protected":false},"author":1,"featured_media":0,"parent":400,"menu_order":7,"comment_status":"closed","ping_status":"closed","template":"","meta":[],"_links":{"self":[{"href":"https:\/\/gibaltar.cat\/index.php\/wp-json\/wp\/v2\/pages\/420"}],"collection":[{"href":"https:\/\/gibaltar.cat\/index.php\/wp-json\/wp\/v2\/pages"}],"about":[{"href":"https:\/\/gibaltar.cat\/index.php\/wp-json\/wp\/v2\/types\/page"}],"author":[{"embeddable":true,"href":"https:\/\/gibaltar.cat\/index.php\/wp-json\/wp\/v2\/users\/1"}],"replies":[{"embeddable":true,"href":"https:\/\/gibaltar.cat\/index.php\/wp-json\/wp\/v2\/comments?post=420"}],"version-history":[{"count":4,"href":"https:\/\/gibaltar.cat\/index.php\/wp-json\/wp\/v2\/pages\/420\/revisions"}],"predecessor-version":[{"id":1058,"href":"https:\/\/gibaltar.cat\/index.php\/wp-json\/wp\/v2\/pages\/420\/revisions\/1058"}],"up":[{"embeddable":true,"href":"https:\/\/gibaltar.cat\/index.php\/wp-json\/wp\/v2\/pages\/400"}],"wp:attachment":[{"href":"https:\/\/gibaltar.cat\/index.php\/wp-json\/wp\/v2\/media?parent=420"}],"curies":[{"name":"wp","href":"https:\/\/api.w.org\/{rel}","templated":true}]}}