{"id":434,"date":"2021-06-23T17:20:54","date_gmt":"2021-06-23T15:20:54","guid":{"rendered":"http:\/\/gibaltar.cat\/?page_id=434"},"modified":"2021-06-23T18:51:41","modified_gmt":"2021-06-23T16:51:41","slug":"capitol-13","status":"publish","type":"page","link":"https:\/\/gibaltar.cat\/index.php\/documents\/diari-de-francesc-de-casamitjana\/capitol-13\/","title":{"rendered":"Cap\u00edtol 13"},"content":{"rendered":"\n<p><strong>Cap\u00edtulo 13<\/strong><\/p>\n\n\n\n<p>Alborozo en la plaza con motivo del nuevo socorro. M\u00edranse bolar \u00e1guilas reales sobre la monta\u00f1a. Percistencia de nuestro contrario en echar por tierra la l\u00ednea de comunicaci\u00f3n. Manda el pr\u00edncipe remplazar nuestras bater\u00edas.<\/p>\n\n\n\n<p>Ll\u00e9gannos m\u00e1s nav\u00edos con gente del socorro. Prosigue el enemigo su violento fuego contra nuestros reparos, avanzando sus obras azia la plaza.<\/p>\n\n\n\n<p>Acestan los sitiadores contra la cortina de San Bernardo y baluarte de San Pablo logrando algunos passos de terreno. Dif\u00fandese voz que alarma la guarnizi\u00f3n.<\/p>\n\n\n\n<p>Fuego rec\u00edproco de sitiados y sitiadores no distando estos m\u00e1s de unos 150 passos de la contrescarpa. Apreenci\u00f3n de un barco longo con otros susessos.<\/p>\n\n\n\n<div style=\"height:100px\" aria-hidden=\"true\" class=\"wp-block-spacer\"><\/div>\n\n\n\n<p><strong>Primo<\/strong><\/p>\n\n\n\n<p><em>Alborozo en la plaza con motivo del nuevo socorro.<\/em><\/p>\n\n\n\n<p>Dexo a la consideraci\u00f3n la alegr\u00eda que tubieron los sitiados al verse ya con parte del socorro en el puerto. D\u00e1vanse mutuamente los parabienes celebrando con diferentes demonstraciones de regosijo las nuevas fuerzas que logravan para poder enteramente contrastar contra la enemiga perfidia. Aumentose este alborozo con el feliz anuncio que nos batizinaron dos \u00e1guilas imperiales que se dexaron ver por mucho rato sobre la atalaya del monte, en cuyo cielo se detuvieron alg\u00fan tiempo con las alas tendidas, formando los vistosos pavellones con admiraci\u00f3n de los naturales de aquel pa\u00eds, que las estra\u00f1aron tanto m\u00e1s quanto menos se av\u00edan dexado ver hasta all\u00ed en aquel terreno bol\u00e1tiles semejantes.<\/p>\n\n\n\n<p>No obstante el grande refuerzo de gente que efectivamente nos iva llegando, percist\u00eda el enemigo el d\u00eda 19 con el continuado disparo de su nueva bater\u00eda en echar por tierra la l\u00ednea de comunicaci\u00f3n para lograr no pudiesse ser socorrida en caso de assalto sin notable peligro, y assimismo el cubo o pastel. Este d\u00eda desembarcaron las tropas del socorro, que se presentaron luego en la plaza mayor de la ciudad a vista del pr\u00edncipe governador, que las recivi\u00f3 con singularidad, y a los cabos con todas aquellas muestras de benevolencia que sab\u00eda expressar su generosidad en semexantes lanzes. Admiti\u00f3 a los oficiales que ven\u00edan de nuevo a rendirse a su obediencia con el adem\u00e1n de darles los brazos en prueba de la estimaci\u00f3n que haz\u00eda de ellos. Reparti\u00f3 luego toda esta gente en sus quarteles, y por los quarteles las competentes municiones.<\/p>\n\n\n\n<p>Poco despu\u00e9s pass\u00f3 el pr\u00edncipe a dar nuevos \u00f3rdenes para componer algunas piezas en bater\u00eda a fin de rezarzir con ellas la falta de las que quedavan desmontadas, en cuyo empleo fu\u00e9 preciso que los nuevos hu\u00e9spedes cooperasen con el ombro y con su assistencia, havi\u00e9ndolo dilatado hasta all\u00ed por falta de qui\u00e9n lo hiziera.<\/p>\n\n\n\n<div style=\"height:100px\" aria-hidden=\"true\" class=\"wp-block-spacer\"><\/div>\n\n\n\n<p><strong>2<\/strong><\/p>\n\n\n\n<p><em>Ll\u00e9gannos m\u00e1s nav\u00edos con gente del socorro. Prosigue el enemigo su violento fuego contra nuestros reparos avanzando sus obras azia la plaza.<\/em><\/p>\n\n\n\n<p>Al passo que se les iva multiplicando a los sitiados la gloria en el venzimiento se les iva multiplicando igualmente la gloria con los nuevos socorros, que les ivan llegando para mayores. Este d\u00eda, que lo era el 20, se dex\u00f3 ver porci\u00f3n de los nav\u00edos de la esquadra que esper\u00e1vamos, tan de improviso, que sorprendi\u00f3 a todos aquella novedad, en manera que nos entraron este d\u00eda hasta nueve dellos con buena parte de la gente que se nos enviava, con que salimos del cuydado en que nos av\u00eda puesto su tardanza con cuya conduzi\u00f3n aport\u00f3 don Francisco de Z\u00ednzerling secretario de su magestad ces\u00e1rea y otros sugetos que ven\u00edan de Lisboa.<\/p>\n\n\n\n<p>Los olandeses, como no parezieron este d\u00eda, creimos se av\u00edan buelto a las costas de Portugal a fin de no dar en manos del de Point\u00ed, que les estava con impaziencia aguardando para apresarles, como lo hizo con dos que se adelantaron m\u00e1s de lo que era menester para continuar con seguridad la derrota azia nuestra baya.<\/p>\n\n\n\n<p>No le supo bien al Villadaries el nuevo refuerzo de gente que nos lleg\u00f3 tan a tiempo, y ass\u00ed para darnos a entender su sentimiento nos hizo este d\u00eda un fuego violento, haziendo jugar continuamente sus ca\u00f1ones contra el Muelle Viejo, que fu\u00e9 el que se llev\u00f3 las pedradas en esta ocasi\u00f3n. Por la noche trabax\u00f3 incessantemente en perfizionar sus trincheras, avanz\u00f3 quanto pudo con la paralela azia la contraescarpa, en cuyo designio nuestro fuego le dava no poco que merezer. Porque como fu\u00e9 esta la primera noche en que la gente del socorro av\u00eda montado las brechas, hizo alarde el presidio del nuevo refuerzo que le av\u00eda llegado.<\/p>\n\n\n\n<p>La otra mitad entr\u00f3 en esta tarde, y con ella recivi\u00f3 una carta el pr\u00edncipe del vicealmirante Leack, en que le esperanzava con el retorno a fin de acordar por este medio las medidas m\u00e1s necessarias para la seguridad y defensa de la plaza.<\/p>\n\n\n\n<p>Par\u00e9zeme que este d\u00eda se le av\u00eda olvidado al enemigo el disparo de las bombas, porque en todo \u00e9l no nos arroj\u00f3 ninguna. Quiz\u00e1s ser\u00eda porque se le av\u00edan acabado.<\/p>\n\n\n\n<div style=\"height:100px\" aria-hidden=\"true\" class=\"wp-block-spacer\"><\/div>\n\n\n\n<p><strong>3<\/strong><\/p>\n\n\n\n<p><em>Acestan los sitiadores contra la cortina de San Bernardo y baluarte de San Pablo logrando algunos passos del terreno. Dif\u00fandese voz que alarma la guarnizi\u00f3n.<\/em><\/p>\n\n\n\n<p>No acabavan de determinarse los contrarios en dar todav\u00eda un assalto siquiera en la plaza, en medio de tener las brechas aptas para ello, y ass\u00ed no es mucho que en el jugar de sus bater\u00edas hizieran tantas mudanzas. El d\u00eda 21 todo fu\u00e9 azestar el ca\u00f1\u00f3n contra la cortina de San Bernardo y baluarte de San Pablo. Por la noche logr\u00f3 algunos passos de terreno, qu\u00e9 inmediatamente cubri\u00f3 con los gabiones que para esto ten\u00eda prevenidos, y aunque consigui\u00f3 el cubrirse en parte del fuego que se le haz\u00eda des de nuestra mamposter\u00eda, no pudo totalmente evitar el da\u00f1o que continuamente reciv\u00eda del Salto del Lobo, cuya guarnizi\u00f3n cumpl\u00eda tan exactamente con su dever que di\u00f3 bien que hablar de la regla y pericia con que disparava. No vimos bomba alguna de nuestro contrario esta noche, con que fu\u00e9 verdadera la sospecha en que ya est\u00e1vamos el d\u00eda antecedente.<\/p>\n\n\n\n<p>No permiti\u00f3 el viento este d\u00eda que se acercara la armada como dese\u00e1vamos a fin de lograr con su assistencia el buen \u00e9xito que nos promet\u00edamos de la salida que av\u00edamos ideado.<\/p>\n\n\n\n<p>Por la tarde se levant\u00f3 de improviso una voz que puso en no peque\u00f1o cuydado a los sitiados. Corri\u00f3 que los espa\u00f1oles av\u00edan ocupado otra vez la monta\u00f1a, con cuya noticia huvo un grande rebato en la ciudad. Tom\u00f3 luego toda la guarnizi\u00f3n las armas y se destac\u00f3 una manga de granaderos y alcabuzeros para entrar en la funcci\u00f3n, caso que fuesse verdad lo que se av\u00eda difundido. Marchava ya azia la monta\u00f1a este cuerpo por orden del pr\u00edncipe comandante, quando se supo que los que se dexavan ver en la sima eran unos marineros ingleses que, movidos de la curiosidad de reconozer los reales del enemigo, av\u00edan subido a aquel puesto y que con permisso de las sentinelas passavan toda aquella eminencia.<\/p>\n\n\n\n<div style=\"height:100px\" aria-hidden=\"true\" class=\"wp-block-spacer\"><\/div>\n\n\n\n<p><strong>4\u00ba<\/strong><\/p>\n\n\n\n<p><em>Fuego continuo de sitiados y sitiadores no distando estos m\u00e1s de unos 150 passos de la contraescarpa. Apreenci\u00f3n de un barcolongo.<\/em><\/p>\n\n\n\n<p>El basti\u00f3n de San Pablo y la cortina de San Bernardo continuaron el 22 en ser el terror a que el encono enemigo dirig\u00eda todo su fuego, a que respondi\u00f3 nuestro ca\u00f1\u00f3n de todas partes con una summa y perfecta regla, singularmente el basti\u00f3n de San Pablo, en que el contrario se persuad\u00eda no nos quedava pieza entera. Avanzose no obstante con sus aproches hasta unos 150 passos de la contraescarpa a que no osava llegar con m\u00e1s diligencia por el grande fuego que de todas partes se le haz\u00eda.<\/p>\n\n\n\n<p>El pr\u00edncipe mand\u00f3 expedir un orden en que mandava se recogieran con todo cuydado en el astillero las bombas que del enemigo durante el sitio no av\u00edan reventado a fin de ahorrar por este camino parte de las que se disparavan des de la monta\u00f1a.<\/p>\n\n\n\n<p>Una fragata inglesa, que entr\u00f3 en la baya de tr\u00e1nsito para salir en corso, apres\u00f3 un barcolongo espa\u00f1ol que trah\u00eda provisiones al real de los sitiadores.<\/p>\n\n\n\n<hr class=\"wp-block-separator\"\/>\n\n\n\n<p class=\"has-text-align-center\"><a href=\"https:\/\/gibaltar.cat\/index.php\/documents\/diari-de-francesc-de-casamitjana\/capitol-12\">&lt; Cap\u00edtol 12<\/a> \/ <a href=\"https:\/\/gibaltar.cat\/index.php\/documents\/diari-de-francesc-de-casamitjana\/capitol-14\">Cap\u00edtol 14 ><\/a><\/p>\n","protected":false},"excerpt":{"rendered":"<p>Cap\u00edtulo 13 Alborozo en la plaza con motivo del nuevo socorro. M\u00edranse bolar \u00e1guilas reales sobre la monta\u00f1a. Percistencia de nuestro contrario en echar por tierra la l\u00ednea de comunicaci\u00f3n. Manda el pr\u00edncipe remplazar nuestras bater\u00edas. Ll\u00e9gannos m\u00e1s nav\u00edos con gente del socorro. Prosigue el enemigo su violento fuego contra nuestros reparos, avanzando sus obras [&hellip;]<\/p>\n","protected":false},"author":1,"featured_media":0,"parent":400,"menu_order":14,"comment_status":"closed","ping_status":"closed","template":"","meta":[],"_links":{"self":[{"href":"https:\/\/gibaltar.cat\/index.php\/wp-json\/wp\/v2\/pages\/434"}],"collection":[{"href":"https:\/\/gibaltar.cat\/index.php\/wp-json\/wp\/v2\/pages"}],"about":[{"href":"https:\/\/gibaltar.cat\/index.php\/wp-json\/wp\/v2\/types\/page"}],"author":[{"embeddable":true,"href":"https:\/\/gibaltar.cat\/index.php\/wp-json\/wp\/v2\/users\/1"}],"replies":[{"embeddable":true,"href":"https:\/\/gibaltar.cat\/index.php\/wp-json\/wp\/v2\/comments?post=434"}],"version-history":[{"count":2,"href":"https:\/\/gibaltar.cat\/index.php\/wp-json\/wp\/v2\/pages\/434\/revisions"}],"predecessor-version":[{"id":478,"href":"https:\/\/gibaltar.cat\/index.php\/wp-json\/wp\/v2\/pages\/434\/revisions\/478"}],"up":[{"embeddable":true,"href":"https:\/\/gibaltar.cat\/index.php\/wp-json\/wp\/v2\/pages\/400"}],"wp:attachment":[{"href":"https:\/\/gibaltar.cat\/index.php\/wp-json\/wp\/v2\/media?parent=434"}],"curies":[{"name":"wp","href":"https:\/\/api.w.org\/{rel}","templated":true}]}}