{"id":453,"date":"2021-06-23T18:05:29","date_gmt":"2021-06-23T16:05:29","guid":{"rendered":"http:\/\/gibaltar.cat\/?page_id=453"},"modified":"2021-06-23T18:58:49","modified_gmt":"2021-06-23T16:58:49","slug":"capitol-21-bis","status":"publish","type":"page","link":"https:\/\/gibaltar.cat\/index.php\/documents\/diari-de-francesc-de-casamitjana\/capitol-21-bis\/","title":{"rendered":"Cap\u00edtol 21 [bis]"},"content":{"rendered":"\n<p><strong>Cap\u00edtulo 21<\/strong> [sic]<\/p>\n\n\n\n<p>Dan principio los enemigos a otra l\u00ednea. Reparan los maestros la Redondela. Entran dos nav\u00edos con el resto del socorro. Desm\u00f3ntanos el contrario algunos ca\u00f1ones fortific\u00e1ndose bien en sus trincheras.<\/p>\n\n\n\n<p>Tomole al enemigo nuestra tartana 1.500 faxinas. Y adelantando aquel algunos passos azia la Redondela forma otra l\u00ednea entre el mar y el monte. Trabaxan los sitiados una cueva en la Redondela echando muchas bombas al ataque.<\/p>\n\n\n\n<p>Ponen vela los nav\u00edos para Lisboa. Prolonga nuestro contrario la l\u00ednea referida sufriendo el fuego de la plaza. Concluyen los sitiados la gran bater\u00eda. Noticias por desertores.<\/p>\n\n\n\n<p>Estiende m\u00e1s su l\u00ednea el Villadaries. Fuego vehemente de una y otra parte, bien que el de los sitiados le desaloja del puesto que tras la Redondela ocupava.<\/p>\n\n\n\n<div style=\"height:100px\" aria-hidden=\"true\" class=\"wp-block-spacer\"><\/div>\n\n\n\n<p><strong>Primo<\/strong><\/p>\n\n\n\n<p><em>Dan principio los enemigos a otra l\u00ednea.<\/em><\/p>\n\n\n\n<p>No cansados todav\u00eda los gastadores con que trabaxavan los de afuera, dieron al 18 principo a otra l\u00ednea, que avanzaron no lexos de la que poco \u00e0 dixe, a fin que sirviera esta a los que en caso de avanze av\u00edan de montar al assalto de resguardo todo el tiempo que esperaran la se\u00f1al para executarlo.<\/p>\n\n\n\n<p>Al mismo tiempo los de la plaza ansiosos de no omitir diligencia para resguardo de la Redondela tantas vezes ya acometida, pusieron todo conato en repararla del da\u00f1o y estragos, que en ella iva haziendo el ca\u00f1\u00f3n de los contrarios.<\/p>\n\n\n\n<p>El nav\u00edo ingl\u00e9s llamado en vulgar el <em>Tigre<\/em> con otro de transporte arribaron oy con el resto de la gente, que nos ven\u00eda de socorro, y con ella otra buena porci\u00f3n de p\u00f3lvora, que fu\u00e9 admitida con toda aquella alegr\u00eda que suele causar su abundancia, quando se ha padezido su falta.<\/p>\n\n\n\n<p>Jugaron las bater\u00edas enemigas contra la que ya en la plaza se estava perfizionando con que pudo lograr tan solo el desmontarnos dos piezas de las que a la saz\u00f3n ten\u00edamos sobre la cortina a que enderez\u00f3 igualmente parte de las 60 bombas que nos arroj\u00f3 este d\u00eda.<\/p>\n\n\n\n<p>Nunca le parez\u00eda al enemigo quedavan bastantemente fortificadas sus trincheras, y ass\u00ed continuadamente (si bien se nota) estavan repar\u00e1ndolas sus gastadores, ya con faxinas ya con cestones, en cuya operaci\u00f3n pass\u00f3 la mayor parte del d\u00eda 19, y en este el fuego, que den de lo alto del Salto del Lobo se le haz\u00eda le ocasion\u00f3 notable da\u00f1o en su trabaxo. Dos desertores asseguraron que era mucha la p\u00e9rdida que de cada d\u00eda experimentavan los de afuera en su gente.<\/p>\n\n\n\n<div style=\"height:100px\" aria-hidden=\"true\" class=\"wp-block-spacer\"><\/div>\n\n\n\n<p><strong>2\u00ba<\/strong><\/p>\n\n\n\n<p><em>Tomole nuestra tartana al enemigo 1.500 faxinas, y adelantando aquel algunos passos azia la Redondela forma otra l\u00ednea entre el mar y el monte. Trabaxan los sitiados una cueva en la misma Redondela echando muchas bombas al ataque.<\/em><\/p>\n\n\n\n<p>Con ocasi\u00f3n de haver salido este mismo d\u00eda una tartana de la plaza a reconozer la baya de la otra parte nos truxo 1.500 faxinas que a la orilla del mar le quedavan al enemigo desembarcadas.<\/p>\n\n\n\n<p>Por la noche nos dispararon 20 bombas evidenci\u00e1ndonos los de afuera la falta que padez\u00edan de este g\u00e9nero de municiones.<\/p>\n\n\n\n<p>Amanezi\u00f3 el 20 sin m\u00e1s novedad que la de haver adelantado algunos passos nuestro competidor a la l\u00ednea frontera a la Redondela, tirando a estender su frente a fin de poder con menos dificultad ganar la eminencia que la dominava, a que dispar\u00f3 como unas 10 bombas para molestar los que se hallavan presidiando aquel puesto.<\/p>\n\n\n\n<p>Entre el mar y el monte empez\u00f3 al 21 a trabaxar el enemigo otra l\u00ednea sobre la llanura, en que puso siete cestones a lo largo y quatro a lo obliquo, en cuyo trabaxo se le hizo notable fuego de la plaza, de que murieron muchos y otros fueron muy malheridos.<\/p>\n\n\n\n<p>En la Redondela se principi\u00f3 este d\u00eda una gran cueva, y con esta ocasi\u00f3n se descubri\u00f3 ten\u00eda lugar nuestro contrario en el \u00e1mbito que formavan dos pe\u00f1as, que all\u00ed av\u00eda, de cubrir como unos 150 hombres de nuestra mamposter\u00eda, y lograr assimismo aquel puesto ventajoso para subir con menos riesgo a los avanzes que se premeditava continuar por aquella parte.<\/p>\n\n\n\n<p>Ech\u00e1ronse esta noche al ataque de los enemigos 200 granadas con 30 morteros manuales que ingleses pusieron en la gran bater\u00eda para estrenarla con aquel ensayo a mayores y m\u00e1s continuados disparos.<\/p>\n\n\n\n<div style=\"height:100px\" aria-hidden=\"true\" class=\"wp-block-spacer\"><\/div>\n\n\n\n<p><strong>3\u00ba<\/strong><\/p>\n\n\n\n<p><em>Ponen vela los nav\u00edos para Lisboa. Prolonga nuestro contrario la l\u00ednea referida sufriendo el fuego de la plaza. Concluyen los sitiados la gran bater\u00eda. Avisos por desertores.<\/em><\/p>\n\n\n\n<p>Quantos nav\u00edos se hallavan en la baya salieron para Lisboa al 22 quedando \u00fanicamente una fragata de 50 piezas en el Muelle Nuevo por si algo se ofrez\u00eda durante el viage de los dem\u00e1s.<\/p>\n\n\n\n<p>Prolong\u00e1vase con la zapa la nueva l\u00ednea este d\u00eda, que en la llanura av\u00edan principiado el antecedente los sitiadores, con que logr\u00f3 avanzar alg\u00fan tanto sufriendo nuestro fuego, que fu\u00e9 en esta ocasi\u00f3n tan violento, como el que m\u00e1s, y en efecto recabamos con \u00e9l, echarle por tierra gran parte de sus gabiones.<\/p>\n\n\n\n<p>Diose fin este d\u00eda por los de la plaza a la conclusi\u00f3n total de la gran y formidable bater\u00eda, que tanto les av\u00eda costado de formar, subiendo a ella 3 piezas que inmediatamente se plantaron a efecto de que quanto antes experimentara el enemigo su furor y violencia en la ruina de sus aproches y de los que les resguardavan.<\/p>\n\n\n\n<p>A las 100 granadas que esta noche disparamos con los 30 morteros, que se dixo arriba, correspondieron del campo con ocho bombas y no m\u00e1s.<\/p>\n\n\n\n<p>Continuava el 23 su l\u00ednea nuestro aniversario, tirando con ella azia el basti\u00f3n de San Pablo, en que plant\u00f3, como ten\u00eda de costumbre, una buena cantidad de gabiones para fortificar mexor la trinchera, con que iva cubri\u00e9ndose del fuego que se le haz\u00eda.<\/p>\n\n\n\n<p>Los sitiados pusieron dos piezas m\u00e1s en la bater\u00eda nueva, que todav\u00eda no quisieron que jugara para lograr a su tiempo sobre el enemigo con m\u00e1s ventaja el feliz \u00e9xito que se promet\u00eda.<\/p>\n\n\n\n<p>Quatro desertores, dos olandeses y los dem\u00e1s catalanes, que se passaron a nado, refirieron muchas miserias y calamidades del campo de los sitiadores, quienes av\u00edan poco antes aserrado (como bien dixeron) hasta unos 20 ca\u00f1ones por in\u00fatiles, devi\u00e9ndoles por esta raz\u00f3n transportar a M\u00e1laga para fundirles otra vez; que dos regimientos franceses cuyo n\u00famero llegar\u00eda a 3.000 hombres se av\u00edan puesto en marcha para Cadis, y que la esquadra del de Point\u00ed reforzada con algunos nav\u00edos, que de Brest le av\u00edan llegado, de refresco, se haz\u00eda a la vela quanto antes para ocupar nuevamente aquella baya y cerrarles a los sitiados totalmente la esperanza de socorros por aquella parte.<\/p>\n\n\n\n<p>Aunque los de la plaza dispararon por la noche un buen n\u00famero de granadas, no respondieron a ellas como acostumbravan los sitiadores hasta entonces.<\/p>\n\n\n\n<div style=\"height:100px\" aria-hidden=\"true\" class=\"wp-block-spacer\"><\/div>\n\n\n\n<p><strong>4\u00ba<\/strong><\/p>\n\n\n\n<p><em>Estiende m\u00e1s su l\u00ednea el Villadaries. Fuego vehemente de una y otra parte, bien que el de los sitiados le desaloja del puesto que av\u00eda ocupado tras la Redondela.<\/em><\/p>\n\n\n\n<p>Con la continuada porf\u00eda con que el enemigo insist\u00eda en avanzar sus aproches, logr\u00f3 el d\u00eda siguiente estender alg\u00fan tanto m\u00e1s la l\u00ednea que diximos arriba.<\/p>\n\n\n\n<p>De una y otra parte fu\u00e9 a competencia el fuego: los sitiados sin embargo del que les haz\u00edan las bater\u00edas enemigas, trabaxaron en componer la l\u00ednea de la brecha, que en la parte superior de la Redondela av\u00edan abierto d\u00edas atr\u00e1s.<\/p>\n\n\n\n<p>El da\u00f1o que nuestra mamposter\u00eda execut\u00f3 el d\u00eda 25 fu\u00e9 todo el motivo que tuvo nuestro contrario para no adelantar en todo el su trabajo, y aunque para impedirlo asest\u00f3 des de sus bater\u00edas contra nuestra gente, no recab\u00f3 por esso lo que pretend\u00eda, solo s\u00ed pudo, aunque no sin mucha fatiga y riesgo, apostarse en un peque\u00f1o aloxamiento que tras de la Redondela pudo lograr, guarnezi\u00e9ndole con alguna gente, que se procur\u00f3 por los de la plaza sacar de aquel puesto con la artiller\u00eda del Muelle Viejo, de cuyo fuego se vieron tan molestados que tuvieron a bien desmantalarle totalmente.<\/p>\n\n\n\n<p>Un desertor, que tuvo la fortuna de poder entrar en la plaza, dixo corr\u00eda voz en el campo de que se quer\u00eda retirar del sitio el de Villadaries y formar entre las monta\u00f1as de la cercan\u00eda una l\u00ednea para contenernos y privarnos la salida de la ciudad, que dex\u00e1ndola con esto bloqueada y en estado de no poder servirles a los ingleses para el intento de invadir por aquella parte a Espa\u00f1a no se mantendr\u00edan en ella.<\/p>\n\n\n\n<p>En el quartel de los olandeses se bolaron oy dos casas, en cuyas ruinas quedaron sepultados tres o quatro, con la ocasi\u00f3n de haver puesto fuego a dos barriles de p\u00f3lvora que all\u00ed estavan para su ret\u00e9n.<\/p>\n\n\n\n<hr class=\"wp-block-separator\"\/>\n\n\n\n<p class=\"has-text-align-center\"><a href=\"https:\/\/gibaltar.cat\/index.php\/documents\/diari-de-francesc-de-casamitjana\/capitol-21\">&lt; Cap\u00edtol 21<\/a> \/ <a href=\"https:\/\/gibaltar.cat\/index.php\/documents\/diari-de-francesc-de-casamitjana\/capitol-22\">Cap\u00edtol 22 ><\/a><\/p>\n","protected":false},"excerpt":{"rendered":"<p>Cap\u00edtulo 21 [sic] Dan principio los enemigos a otra l\u00ednea. Reparan los maestros la Redondela. Entran dos nav\u00edos con el resto del socorro. Desm\u00f3ntanos el contrario algunos ca\u00f1ones fortific\u00e1ndose bien en sus trincheras. Tomole al enemigo nuestra tartana 1.500 faxinas. Y adelantando aquel algunos passos azia la Redondela forma otra l\u00ednea entre el mar y [&hellip;]<\/p>\n","protected":false},"author":1,"featured_media":0,"parent":400,"menu_order":23,"comment_status":"closed","ping_status":"closed","template":"","meta":[],"_links":{"self":[{"href":"https:\/\/gibaltar.cat\/index.php\/wp-json\/wp\/v2\/pages\/453"}],"collection":[{"href":"https:\/\/gibaltar.cat\/index.php\/wp-json\/wp\/v2\/pages"}],"about":[{"href":"https:\/\/gibaltar.cat\/index.php\/wp-json\/wp\/v2\/types\/page"}],"author":[{"embeddable":true,"href":"https:\/\/gibaltar.cat\/index.php\/wp-json\/wp\/v2\/users\/1"}],"replies":[{"embeddable":true,"href":"https:\/\/gibaltar.cat\/index.php\/wp-json\/wp\/v2\/comments?post=453"}],"version-history":[{"count":2,"href":"https:\/\/gibaltar.cat\/index.php\/wp-json\/wp\/v2\/pages\/453\/revisions"}],"predecessor-version":[{"id":487,"href":"https:\/\/gibaltar.cat\/index.php\/wp-json\/wp\/v2\/pages\/453\/revisions\/487"}],"up":[{"embeddable":true,"href":"https:\/\/gibaltar.cat\/index.php\/wp-json\/wp\/v2\/pages\/400"}],"wp:attachment":[{"href":"https:\/\/gibaltar.cat\/index.php\/wp-json\/wp\/v2\/media?parent=453"}],"curies":[{"name":"wp","href":"https:\/\/api.w.org\/{rel}","templated":true}]}}