{"id":515,"date":"2021-06-28T13:44:34","date_gmt":"2021-06-28T11:44:34","guid":{"rendered":"http:\/\/gibaltar.cat\/?page_id=515"},"modified":"2021-06-28T13:46:20","modified_gmt":"2021-06-28T11:46:20","slug":"capitol-28","status":"publish","type":"page","link":"https:\/\/gibaltar.cat\/index.php\/documents\/diari-de-francesc-de-casamitjana\/capitol-28\/","title":{"rendered":"Cap\u00edtol 28"},"content":{"rendered":"\n<p><strong>Cap\u00edtulo 28<\/strong><\/p>\n\n\n\n<p>Restableze una de sus bater\u00edas el enemigo con 4 piezas con que nos disparava para desmentir su retirada, desmont\u00e1ndole una de ellas, y el mortero el formidable fuego de la plaza. Expecificaci\u00f3n de la gente que perdi\u00f3 el adversario en el sitio.<\/p>\n\n\n\n<p>Desmantelan los sitiadores sus bater\u00edas desaziendo las plataformas y quitando las piezas a tiempo que el acostumbrado fuego de la plaza les matava mucha gente en las l\u00edneas.<\/p>\n\n\n\n<p>Ded\u00edcase el enemigo al embarco de artiller\u00eda y pertrechos, plantando una bater\u00eda en el arenal junto a los r\u00edos para el resguardo de sus embarcaciones, quedando ya la plaza libre de sitio.<\/p>\n\n\n\n<p>Acomete la fragata inglesa a las fustes que transportavan los pertrechos, logrando el golpe muy bien. Rem\u00edtensele a milord Gallovay ingenieros y artilleros en Lisboa.<\/p>\n\n\n\n<div style=\"height:100px\" aria-hidden=\"true\" class=\"wp-block-spacer\"><\/div>\n\n\n\n<p><strong>1\u00ba<\/strong><\/p>\n\n\n\n<p><em>Restableze una de sus bater\u00edas el enemigo.<\/em><\/p>\n\n\n\n<p>Para desmentir mexor el \u00e1nimo en que se hallavan los sitiadores, trabaxaron el d\u00eda siguiente en hazer algunas disposiciones como que quer\u00edan continuar el sitio, restituiendo quatro piezas y un mortero a una de sus bater\u00edas, que por hallarse muy maltratada de nuestro ca\u00f1\u00f3n en algunas partes la repararon lo mexor que se pudo, bien que no como se quer\u00eda, por el mucho fuego con que den de la plaza se les disparava, logrando entre otras con \u00e9l los sitiadores desmontar una de sus piezas. Veinte bombas fueron el pago con que satisfizo el enemigo el da\u00f1o que le av\u00edamos causado, cuyo disparo continu\u00f3 el d\u00eda siguiente, que era el 19, arroj\u00e1ndonos al amanezer algunas con tan poca suerte, que solo la \u00faltima que en realidad lo fue de aquel sitio, arruyn\u00f3 dos casas con la ocasi\u00f3n de haverse apegado fuego a un barril de p\u00f3lvora que en ellas encontr\u00f3. El pr\u00edncipe dispuso en consequencia de esto, que se les retornaran algunas, como se execut\u00f3 con la buena suerte de aver maltratado al mismo mortero que disparava las enemigas, y en efecto no bolvi\u00f3 m\u00e1s a disparar.<\/p>\n\n\n\n<p>Por un desertor catal\u00e1n supimos como era cierto quedava el ex\u00e9rcito enemigo reduzido a bien corto n\u00famero de gente por aver muerto mucha ya de una manera ya de otra.<\/p>\n\n\n\n<p>Confirmolo un papel que un confidente del pr\u00edncipe le env\u00edo diciendo entre otras cosas que las tropas espa\u00f1olas que hizieron el sitio consist\u00edan en nueve mil hombres, y de estos al \u00faltimo solo se contaron 3.000. De las guardias balonas, que consist\u00edan en 1.300 soldados quedaron 400. De las marinas francesas, que a la abertura de la expugnaci\u00f3n llegavan a 3.000, al \u00faltimo se vieron reduzidas a 500 soldados. De quatro batallones franceses se cuentan m\u00e1s que 1.000 hombres, y \u00faltimamente de catorze compa\u00f1\u00edas de granaderos completas, y de garbada gente se mir\u00f3 la disminuci\u00f3n llegando solo al n\u00famero de 760 combatientes.<\/p>\n\n\n\n<p>Sobre el castillo se plant\u00f3 otra pieza de 36 libras, que fu\u00e9 de notable consequencia por lo mucho que fatigava a los que guardavan el ataque.<\/p>\n\n\n\n<p>Los contrarios se quitaron este d\u00eda la m\u00e1scara, no reparando en retirar de las l\u00edneas, como lo av\u00edan echo antes con la cautela que pudieron, los pertrechos, artiller\u00eda y reparos que all\u00ed ten\u00edan para embarcarles con brevedad.<\/p>\n\n\n\n<div style=\"height:100px\" aria-hidden=\"true\" class=\"wp-block-spacer\"><\/div>\n\n\n\n<p><strong>2\u00ba<\/strong><\/p>\n\n\n\n<p><em>Desmantelan los sitiadores sus bater\u00edas desaziendo las plataformas y quitando las piezas a tiempo que el acostumbrado fuego de la plaza les matava mucha gente en las l\u00edneas.<\/em><\/p>\n\n\n\n<p>Diximos ya que le quedava al enemigo maltratado el d\u00eda 19. Un mortero que este d\u00eda, que lo era el 20, sac\u00f3 de sus trincheras con dos piezas m\u00e1s, quedando con esto en las bater\u00edas m\u00e1s apartadas de la plaza tan solamente ocho, con que tir\u00f3 a ratos aquel d\u00eda ya a la Redondela ya sobre el castillo, bien que sin ning\u00fan da\u00f1o, fu\u00e9 pero muy al revez el juego de la plaza, pues su continuo disparo produxo tal efecto en las l\u00edneas de los contrarios, que pudimos ver en ellas muchos soldados muertos tendidos por el suelo aquel d\u00eda.<\/p>\n\n\n\n<p>Emple\u00e1ronse los sitiadores el subsiguiente en sacar otra pieza, gastando el restante tiempo en echar por tierra las plataformas de su segunda y tercera bater\u00eda.<\/p>\n\n\n\n<p>Llegonos al 22 la <em>Estrella<\/em> fragata inglesa (que se le apres\u00f3 a los franceses la primera vez que vino nuestra flota con el socorro) con pliegos para Mr. Methuen enviado de Inglaterra, en que recivi\u00f3 la patente de embaxador extraordinario para la Corte de Mequines a fin de fazilitar por este medio un buen n\u00famero de cavallos de que se necessitava con los granos suficientes, que para la manutenci\u00f3n de las tropas de los aliados se huviessen menester en aquella urgencia.<\/p>\n\n\n\n<p>Sobre las bater\u00edas del enemigo ya no parez\u00edan m\u00e1s que seis piezas, que embarc\u00f3 de la otra parte de la monta\u00f1a para M\u00e1laga con otros muchos pertrechos, que iva sacando lentamente de los almagazenes que ten\u00eda formados en su campo.<\/p>\n\n\n\n<div style=\"height:100px\" aria-hidden=\"true\" class=\"wp-block-spacer\"><\/div>\n\n\n\n<p><strong>3\u00ba<\/strong><\/p>\n\n\n\n<p><em>Ded\u00edcase el enemigo al embarco de artiller\u00eda y pertrechos, plantando una bater\u00eda en el arenal junto a los r\u00edos para el resguardo de sus embarcaciones, quedando ya la plaza libre de sitio.<\/em><\/p>\n\n\n\n<p>Continu\u00f3 los d\u00edas 23, 24 y 25 el enemigo su artiller\u00eda y pertrechos. El 25 ocurri\u00f3 la circunstancia de aver una fragata nuestra dado caza a un barco espa\u00f1ol, que quedava cargado en la ribera aviendo disparado algunos tiros los sitiadores den de las tres bater\u00edas que ten\u00edan de d\u00edas atr\u00e1s prevenidas sobre el arenal que discurre de r\u00edo a r\u00edo de los dos, que desaguan a la bah\u00eda, a fin de abrigar con esto sus embarcaciones, que ivan transportando los pertrechos de su campo.<\/p>\n\n\n\n<p>Retiraron los sitiadores al veinte y quatro dos piezas de la bater\u00eda, que se dixo arriba, con que qued\u00f3 la plaza totalmente libre del ca\u00f1\u00f3n de los enemigos, por quanto ya no ten\u00edan m\u00e1s bater\u00edas en pi\u00e9 que la que ofend\u00eda a la monta\u00f1a.<\/p>\n\n\n\n<p>\u00daltimamente el 25 conclui\u00f3 en sacar las balas que todav\u00eda quedavan sobre las trincheras. Nuestra artiller\u00eda hizo notable fuego a los que en esto trabaxavan, y no contento de esto pass\u00f3 a hazerle igualmente sobre la cavaller\u00eda e infanter\u00eda que de una y otra parte se divisava.<\/p>\n\n\n\n<p>Dispar\u00f3 nuestro contrario con las 3 piezas que le quedavan contra la monta\u00f1a todo este d\u00eda, no haziendo da\u00f1o de consideraci\u00f3n en la guarnizi\u00f3n que av\u00eda en aquel parage.<\/p>\n\n\n\n<div style=\"height:100px\" aria-hidden=\"true\" class=\"wp-block-spacer\"><\/div>\n\n\n\n<p><strong>4\u00ba<\/strong><\/p>\n\n\n\n<p><em>Acomete la fragata inglesa los fustes que transportavan los pertrechos, logrando muy bien el golpe. Rem\u00edtensele a milord Gallovay ingenieros y artilleros.<\/em><\/p>\n\n\n\n<p>Acabado al 26 el embarco de sus pertrechos salieron algunas fustas enemigas de la bah\u00eda unas para M\u00e1laga y otras para C\u00e1diz despach\u00e1ndose de la plaza una fragata al Faro, y en ella se embarcaron algunos ingenieros y artilleros que se le remit\u00edan a milord Gallovay en Portugal para la execuci\u00f3n de las operaciones que se av\u00eda propuesto en la pr\u00f3xima campa\u00f1a por aquella parte.<\/p>\n\n\n\n<p>Catorze gavarras espa\u00f1olas forsejavan por la ma\u00f1ana deste d\u00eda para dexar la bah\u00eda, lo que hubieran logrado a no hav\u00e9rselo impedido la fragata inglesa que nos qued\u00f3 en el Muelle Nuevo, oblig\u00e1ndolas a la mayor parte a retrozeder de la empresa, pero seys de ellas, que av\u00edan ya llegado hasta la punta del Carnero, pensando escaparse logrando aquella ventaja, fueron alcanzadas, de calidad que sobre haver arrimado a tierra, llevaron tales ca\u00f1onazos de nuestra fragata que, no obstante de haver acudido gente a su socorro, fu\u00e9 tan eficaz el disparo y actividad de nuestro buque, que en el espacio de cinco horas rindi\u00f3 una, ech\u00f3 a pique dos y hizo considerable estrago en la gente que av\u00eda en las dem\u00e1s, aneg\u00e1ndose muchos entre los esfuerzos que haz\u00edan para llegar a tierra. En tanto que la fragata quedava ca\u00f1oneando aquellas fustas salieron ochenta granaderos de orden del pr\u00edncipe para sostenerla, bien que faltando en el puerto las lanchas para transportarles a aquel parage, no pudieron executar el orden que se les av\u00eda dado.<\/p>\n\n\n\n<p>El barco que fu\u00e9 apresado en esta ocasi\u00f3n iva cargado de vino por la mayor parte. Verdad es que llevava algunos equipages de diferentes oficiales y una pieza grande de bronze desfogonada del todo.<\/p>\n\n\n\n<p>Tres soldados prisioneros que en esta ocasi\u00f3n logr\u00f3 nuestra fragata dixeron que sobre aquella peque\u00f1a flota de embarcaciones menores ivan 140 hombres del regimiento de Castilla en que consist\u00eda todo el cuerpo, que a su principio contava de m\u00e1s de seis cientos soldados, y que la mayor parte del ex\u00e9rcito quedava en marcha camino de C\u00e1diz, quedando el resto en \u00e1nimo de executar lo mismo apenas se hubiese dado la providencia de retirar las municiones que todav\u00eda le quedavan en el campo, en que se repar\u00f3 quemavan algunas caba\u00f1as esta noche.<\/p>\n\n\n\n<hr class=\"wp-block-separator\"\/>\n\n\n\n<p class=\"has-text-align-center\"><a href=\"http:\/\/gibaltar.cat\/index.php\/documents\/diari-de-francesc-de-casamitjana\/capitol-27\">&lt; Cap\u00edtol 27<\/a> \/ <a href=\"http:\/\/gibaltar.cat\/index.php\/documents\/diari-de-francesc-de-casamitjana\/capitol-29\">Cap\u00edtol 29 ><\/a><\/p>\n","protected":false},"excerpt":{"rendered":"<p>Cap\u00edtulo 28 Restableze una de sus bater\u00edas el enemigo con 4 piezas con que nos disparava para desmentir su retirada, desmont\u00e1ndole una de ellas, y el mortero el formidable fuego de la plaza. Expecificaci\u00f3n de la gente que perdi\u00f3 el adversario en el sitio. Desmantelan los sitiadores sus bater\u00edas desaziendo las plataformas y quitando las [&hellip;]<\/p>\n","protected":false},"author":1,"featured_media":0,"parent":400,"menu_order":30,"comment_status":"closed","ping_status":"closed","template":"","meta":[],"_links":{"self":[{"href":"https:\/\/gibaltar.cat\/index.php\/wp-json\/wp\/v2\/pages\/515"}],"collection":[{"href":"https:\/\/gibaltar.cat\/index.php\/wp-json\/wp\/v2\/pages"}],"about":[{"href":"https:\/\/gibaltar.cat\/index.php\/wp-json\/wp\/v2\/types\/page"}],"author":[{"embeddable":true,"href":"https:\/\/gibaltar.cat\/index.php\/wp-json\/wp\/v2\/users\/1"}],"replies":[{"embeddable":true,"href":"https:\/\/gibaltar.cat\/index.php\/wp-json\/wp\/v2\/comments?post=515"}],"version-history":[{"count":2,"href":"https:\/\/gibaltar.cat\/index.php\/wp-json\/wp\/v2\/pages\/515\/revisions"}],"predecessor-version":[{"id":519,"href":"https:\/\/gibaltar.cat\/index.php\/wp-json\/wp\/v2\/pages\/515\/revisions\/519"}],"up":[{"embeddable":true,"href":"https:\/\/gibaltar.cat\/index.php\/wp-json\/wp\/v2\/pages\/400"}],"wp:attachment":[{"href":"https:\/\/gibaltar.cat\/index.php\/wp-json\/wp\/v2\/media?parent=515"}],"curies":[{"name":"wp","href":"https:\/\/api.w.org\/{rel}","templated":true}]}}