{"id":545,"date":"2021-06-28T14:56:55","date_gmt":"2021-06-28T12:56:55","guid":{"rendered":"http:\/\/gibaltar.cat\/?page_id=545"},"modified":"2021-06-28T15:48:28","modified_gmt":"2021-06-28T13:48:28","slug":"capitol-41","status":"publish","type":"page","link":"https:\/\/gibaltar.cat\/index.php\/documents\/diari-de-francesc-de-casamitjana\/capitol-41\/","title":{"rendered":"Cap\u00edtol 41"},"content":{"rendered":"\n<p><strong>Cap\u00edtulo 41<\/strong><\/p>\n\n\n\n<p>Descripci\u00f3n de la plaza de Barcelona. Ac\u00e9rcase a ella el duque de Anjou con su ex\u00e9rcito, y Noalles con el de la Francia. Acuerda un consexo que se tuvo la salida de su magestad de la plaza, y estableze providencias.<\/p>\n\n\n\n<p>Resuelve el rey nuestro se\u00f1or el quedarse en defensa de la ciudad.<\/p>\n\n\n\n<div style=\"height:100px\" aria-hidden=\"true\" class=\"wp-block-spacer\"><\/div>\n\n\n\n<p><strong>Primo<\/strong><\/p>\n\n\n\n<p><em>Descripci\u00f3n de la ciudad de la ciudad y plaza de Barcelona.<\/em><\/p>\n\n\n\n<p>Es Barcelona ciudad capital del Principado de Catalu\u00f1a situada en la ribera del Mediterr\u00e1neo, que la ba\u00f1a des del Baluarte del Rey a recta l\u00ednea, hasta el de Levante. Defi\u00e9ndela en este trecho, y le sirven de travessas, el Baluarte de Medio D\u00eda, el Bonete de San Raymundo, la Plataforma de San Francisco, el Baluarte y Torre de las Pulgas con el ya dicho del Rey, que defienden las Atarazanas, y por la parte del mar a la lengua del agua las cubren el Bonete de la Linterna, el Baluarte del Cabo del Muelle, y por el levante el de Santa Eularia, con una l\u00ednea de comunicaci\u00f3n bien formada, que termina a la puerta del susodicho Baluarte de Levante. Ci\u00f1e la numerosa poblaci\u00f3n una muralla de canter\u00eda de las mexores de Europa con su terrapleno capaz en muchas partes de dos carrozas a la par, y en la que menos de una. Asseg\u00faranla por la parte de tierra los baluartes del Portal Nuevo, el del \u00c1ngel y de San Antonio, que cubren las puertas de estos nombres con las medias lunas de Santa Clara, San Pedro, Junqueras y los Tellers, con sus torres y cavalleros, que en diferentes puestos la defienden. Su fosso, aunque no acabado, sirve de defensa con la estrada encubierta. Llega la poblaci\u00f3n al n\u00famero de ocho mil casas sin las iglesias y conventos de ambos sexos, que son muchos. Los vezinos se juzga ser\u00e1n treinta mil poco m\u00e1s, gente toda echa a las armas, ass\u00ed por haverse criado en medio del manexo de ellas, como por la inclinaci\u00f3n de su genio y naturaleza. Entre medio d\u00eda y poniente tiene la monta\u00f1a de Monjuich sobre la ciudad, y en esta misma parte el castillo defendido con sus baluartes, y en la fortificaci\u00f3n exterior por todas partes medias lunas, fossos, estacadas y algunas retiradas (aunque imperfecto todo), hasta llegar al homenage, que es la fortificaci\u00f3n interior, circuida de mediana muralla y buen terrapleno, en medio del qual se halla la torre que sirve de atalaya para el aviso de las embarcaciones que llegan a su puerto, o passan por aquel mar, con una l\u00ednea de comunicaci\u00f3n que ay des de aquel fuerte a la plaza.<\/p>\n\n\n\n<div style=\"height:100px\" aria-hidden=\"true\" class=\"wp-block-spacer\"><\/div>\n\n\n\n<p><strong>2\u00ba<\/strong><\/p>\n\n\n\n<p><em>Acuerda un consexo que se tuvo la salida de su magestad de la plaza, y acuerda providencias, aerc\u00e1ndose el de Anjou y Noalles con el ex\u00e9rcito.<\/em><\/p>\n\n\n\n<p>Despu\u00e9s de la noticia cierta que se tuvo al 31 de marzo 1706 de que el enemigo con acelaradas marchas ven\u00eda de la parte de levante y poniente a executar los designios de sitiar a nuestra capital Barcelona con un ex\u00e9rcito de 37 regimientos de infanter\u00eda, compuesto cada uno de quinientos hombres, que juntos hazen el n\u00famero de diez y ocho mil y quinientos, y 25 esquadrones de cavalleria con 300 cavallos, que le serv\u00edan de guardia al duque de Anjou, en n\u00famero de 3.800, tomaron en la plaza las disposiciones que m\u00e1s pudiessen assegurar su defensa por parte de su magestad y de los comunes, nobleza y vezinos, que aprest\u00e1ndose con sus armas de todo punto, anelavan ocupar los puestos de m\u00e1s peligro y expuestos al fuego del enemigo para darle a entender su pericia en el manexo de las armas, y su intrepidez y denodado esp\u00edritu.<\/p>\n\n\n\n<p>Mand\u00f3 el rey nuestro se\u00f1or juntar a consexo a sus generales y ministros, para que en su real presencia con motivo de aquella novedad se discurriese sobre assumpto de tan alta consideraci\u00f3n, y resolviese lo m\u00e1s conveniente al bien p\u00fablico y utilidad de sus fieles vassallos, y premedit\u00e1ndose con reflexi\u00f3n materia tan grave y de tales consequencias, ponder\u00e1ndose los lanzes podr\u00edan sobrevenir, las contingencias a que se expon\u00eda la real persona y las circunstancias tan entitativas que se premeditavan, fueron de sentir que no dev\u00eda exponerse su magestad a los rigores de un assedio, como amenazava el enemigo por mar y tierra, particularmente con los ingenios de fuego y horrores que se practican y experimentan en la guerra, ponder\u00e1ndose la summa conveniencia de que saliendo su magestad de la plaza podr\u00eda con mayor diligencia y fazilidad lograr el socorro de aquella capital.<\/p>\n\n\n\n<p>Sinti\u00f3 \u00edntimamente el generoso \u00e1nimo del rey nuestro se\u00f1or la resoluci\u00f3n del consexo, pero a vista de las razones y motivos de tal congresso, vatallando en su piadoso pecho el cari\u00f1oso sentimiento de dexar a sus vassallos con el vivo deseo que ten\u00eda de favorezerles con su assistencia, resolvi\u00f3 executar su salida de la plaza el dia siguiente.<\/p>\n\n\n\n<p>Parti\u00f3 de la ciudad esta noche don Mitfort Crove embiado extraordinario de la reyna de la Gran Breta\u00f1a para Valencia a solizitar los socorros del comandante general de su magestad y de los aliados milord conde de Peterboroug, que a su representaci\u00f3n mand\u00f3 partir luego una porci\u00f3n de cavaller\u00eda a las cercan\u00edas de Barcelona.<\/p>\n\n\n\n<p>En execuci\u00f3n de la salida de su magestad, parezi\u00f3 indispenzable a su paternal amor manifestar esta resoluci\u00f3n al primero de abril a los comunes de ciudad, Deputaci\u00f3n y brazo militar, para que comprehendiesen los motivos que le precisavan a efectuarla y para alentarlos y consolarlos en lanze que av\u00edan de sentir con tanto extremo de que con mayor reflexi\u00f3n pudieran entenderlo, les remiti\u00f3 tres cartas reales expressando en cada una su cari\u00f1oso afecto, el disgusto y pezar en dexarles y el cuydado y diligencia que aplicar\u00eda para su consuelo y defensa.<\/p>\n\n\n\n<p>No satisfecho aun el real \u00e1nimo de esta afectuosa demonstraci\u00f3n, quiso en viva voz expressarla, para que con la eficacia de sus soberanas palabras lograsen alg\u00fan alivio en tanta pena, para cuyo efecto los mand\u00f3 venir a su real presencia y puestos en ella explicoles, con la viveza y ternura propria de su soberana comprehensi\u00f3n e intenso amor, las conveniencias que se le av\u00edan ponderado de su partida y lo que dev\u00edan observar en su ausencia, para conseguir el mantenerse baxo su suave dominio. Absorto qued\u00f3 el \u00e1nimo de estos vassallos con tan bien sentidas como ponderadas razones, pero bueltos en s\u00ed con vivas l\u00e1grimas, le representaron que todav\u00eda no estava sitiada la plaza y que aunque reconoz\u00edan alg\u00fan peligro habrir\u00edan sus corazones y derramar\u00edan toda su sangre para hallar camino y puesto para el total resguardo de su real persona, considerando en ella la mayor defensa de la plaza, pero perseverando su magestad con lo resuelto, se dispidieron con intenso dolor y sentimiento por verse en lanze de tan grande desconsuelo aviendo vivamente comprehendido no solo Barcelona, s\u00ed tambi\u00e9n todo el Principado, que con la assistencia de su magestad se assegurava la defensa y victoria.<\/p>\n\n\n\n<div style=\"height:100px\" aria-hidden=\"true\" class=\"wp-block-spacer\"><\/div>\n\n\n\n<p><strong>2\u00ba [sic]<\/strong><\/p>\n\n\n\n<p><em>Resuelve el rey nuestro se\u00f1or quedarse en la plaza de Barcelona y estableze providencias.<\/em><\/p>\n\n\n\n<p>Qued\u00f3 el real \u00e1nimo apesarado y tierno con la despedida de los comunes, y contrapesando en su soberana mente los accidentes y contingencias rigurosas del sitio con el paternal amor y la fineza que av\u00eda experimentado en ellos, lleg\u00f3 este a superar a todos los motivos de la resoluci\u00f3n, condecendiendo a lo que le av\u00edan representado, como lo express\u00f3 ass\u00ed en la real carta que subsiguientemente les envi\u00f3 a los tres comunes para su mayor consuelo.<\/p>\n\n\n\n<p>Aplicose al mesmo tiempo su magestad a dar las disposiciones necessarias para la defensa, y ass\u00ed previniendo el socorro de la plaza (que se hallava solo con 1.330 soldados, falta de v\u00edveres y municiones de guerra con muchas fortificaciones imperfectas), mand\u00f3 salir algunos ministros del Real Consexo y algunos cavalleros para abastezerla, juntar el pa\u00eds y capitanear los \u00faltimos las levas y sometenes, confiri\u00e9ndose con los generales, que se hallavan fuera para dar forma a lo que dev\u00edan executar en la monta\u00f1a como se referir\u00e1 en lo susessivo.<\/p>\n\n\n\n<p>Puso su magestad todo el mando de la plaza al experimentado valor y acreditada experiencia del mariscal de campo conde Le\u00f3n de Ulefeld, el qual se emple\u00f3 en este encargo en todo el largo sitio con toda aplicaci\u00f3n, assistiendo en ella baxo sus \u00f3rdenes el general de la artiller\u00eda y governador de la plaza don Joseph Boneu, el general de batalla don Joseph Campredon, el coronel de la Real Guardia Catalana don Antonio de Paguera y Aymerich, su teniente coronel don Antonio Meca y de Cardona, el sargento mayor del regimiento don Ignasio Picalqu\u00e9s y muchos otros, que en el discurzo el sitio se dir\u00e1.<\/p>\n\n\n\n<p>Represent\u00f3 el brazo militar a su magestad por medio de su protector la summa importancia de que algunos cavalleros estuviesen d\u00eda y noche en los baluartes y puertas de la ciudad, y que diez de ellos se aplicasen noche y d\u00eda en assistir al dicho mariscal, y conform\u00e1ndose su magestad con tan zelosa y leal demonstraci\u00f3n se dispuso en la misma forma y se execut\u00f3 con igual puntualidad y desvelo.<\/p>\n\n\n\n<p>Dieron noticia todos los comunes de ciudad, Deputaci\u00f3n y brazo militar, que estar\u00edan juntos durante el sitio, aviendo formado antes una conferencia de estos con el real permisso para discurrir, proponer y aconsexar a dichos comunes lo que les parez\u00eda ser del mayor servicio de su magestad, utilidad p\u00fablica y defensa de la plaza.<\/p>\n\n\n\n<hr class=\"wp-block-separator\"\/>\n\n\n\n<p class=\"has-text-align-center\"><a href=\"http:\/\/gibaltar.cat\/index.php\/documents\/diari-de-francesc-de-casamitjana\/capitol-40\">&lt; Cap\u00edtol 40<\/a> \/ <a href=\"http:\/\/gibaltar.cat\/index.php\/documents\/diari-de-francesc-de-casamitjana\/capitol-42\">Cap\u00edtol 42 ><\/a><\/p>\n","protected":false},"excerpt":{"rendered":"<p>Cap\u00edtulo 41 Descripci\u00f3n de la plaza de Barcelona. Ac\u00e9rcase a ella el duque de Anjou con su ex\u00e9rcito, y Noalles con el de la Francia. Acuerda un consexo que se tuvo la salida de su magestad de la plaza, y estableze providencias. Resuelve el rey nuestro se\u00f1or el quedarse en defensa de la ciudad. Primo [&hellip;]<\/p>\n","protected":false},"author":1,"featured_media":0,"parent":400,"menu_order":43,"comment_status":"closed","ping_status":"closed","template":"","meta":[],"_links":{"self":[{"href":"https:\/\/gibaltar.cat\/index.php\/wp-json\/wp\/v2\/pages\/545"}],"collection":[{"href":"https:\/\/gibaltar.cat\/index.php\/wp-json\/wp\/v2\/pages"}],"about":[{"href":"https:\/\/gibaltar.cat\/index.php\/wp-json\/wp\/v2\/types\/page"}],"author":[{"embeddable":true,"href":"https:\/\/gibaltar.cat\/index.php\/wp-json\/wp\/v2\/users\/1"}],"replies":[{"embeddable":true,"href":"https:\/\/gibaltar.cat\/index.php\/wp-json\/wp\/v2\/comments?post=545"}],"version-history":[{"count":2,"href":"https:\/\/gibaltar.cat\/index.php\/wp-json\/wp\/v2\/pages\/545\/revisions"}],"predecessor-version":[{"id":573,"href":"https:\/\/gibaltar.cat\/index.php\/wp-json\/wp\/v2\/pages\/545\/revisions\/573"}],"up":[{"embeddable":true,"href":"https:\/\/gibaltar.cat\/index.php\/wp-json\/wp\/v2\/pages\/400"}],"wp:attachment":[{"href":"https:\/\/gibaltar.cat\/index.php\/wp-json\/wp\/v2\/media?parent=545"}],"curies":[{"name":"wp","href":"https:\/\/api.w.org\/{rel}","templated":true}]}}